{"id":139,"date":"2019-05-29T17:11:50","date_gmt":"2019-05-29T17:11:50","guid":{"rendered":"https:\/\/bio.ufpr.br\/prf\/?page_id=139"},"modified":"2026-03-18T16:18:01","modified_gmt":"2026-03-18T16:18:01","slug":"o-departamento","status":"publish","type":"page","link":"https:\/\/bio.ufpr.br\/prf\/o-departamento\/","title":{"rendered":"O Departamento"},"content":{"rendered":"<p><strong>1 HIST\u00d3RIA<\/strong><\/p>\r\n<p>O Departamento de Preven\u00e7\u00e3o e Reabilita\u00e7\u00e3o em Fisioterapia da UFPR (DPRF) foi criado pelo Conselho Universit\u00e1rio (COUN &#8211; UFPR) pela Resolu\u00e7\u00e3o n\u00ba 25\/13 \u2013 COUN, de 08 de agosto de 2016.<\/p>\r\n<p>O DPRF \u00e9 uma unidade administrativa vinculada ao Setor de Ci\u00eancias Biol\u00f3gicas e tem sua voca\u00e7\u00e3o para Ensino, Pesquisa e Extens\u00e3o. Atualmente oferece disciplinas ao curso de Gradua\u00e7\u00e3o em Fisioterapia, atendendo aproximadamente 250 alunos da gradua\u00e7\u00e3o. Tamb\u00e9m \u00e9 respons\u00e1vel pela oferta de aprimoramento profissional, por meio de tr\u00eas programas de Resid\u00eancias Multiprofissionais, em parceria com o Hospital de Cl\u00ednicas (Sa\u00fade do Adulto e Idoso, Crian\u00e7a e Adolescente e Urg\u00eancia e Emerg\u00eancia). Possui um Curso de P\u00f3s Gradua\u00e7\u00e3o Lato Senso, em Prescri\u00e7\u00e3o Cl\u00ednica do Exerc\u00edcio (fundado em 2018) e a maioria das docentes do DPRF est\u00e3o vinculadas \u00e0 diferentes programas de Mestrado e Doutorado da UFPR e UT-UFPR.<\/p>\r\n<p>Tradicionalmente, o DPRF apresenta forte voca\u00e7\u00e3o extensionista, oferecendo servi\u00e7os de atendimento fisioterap\u00eautico \u00e0 comunidade externa vinculados a Projetos de Extens\u00e3o, Programa de Voluntariado Acad\u00eamico, Projetos de Aprendizagem, Inicia\u00e7\u00e3o Cient\u00edfica e Projetos de Pesquisa.<\/p>\r\n<p><strong>2 ADMINISTRA\u00c7\u00c3O<\/strong><\/p>\r\n<p>A cada dois anos a comunidade acad\u00eamica envolvida com o DPRF, elege um chefe e um suplente para dar o suporte administrativo referente \u00e0 gest\u00e3o das atividades de Ensino, Pesquisa e Extens\u00e3o. Estiveram em cargos de chefia e supl\u00eancia, as docentes abaixo relacionadas:<\/p>\r\n<p>Gest\u00e3o Docentes Titular e suplente Portaria UFPR<\/p>\r\n<p>2016-2018 Profa. Dra. Silvia Regina Valderramas Profa. Dra. Anna Raquel Silveira Gomes 2.737 de 06\/09\/2016 2.738 de 06\/09\/2016<\/p>\r\n<p>2018-2020 Profa. Dra. Ariani Cavazzani Szkudlarek Profa. Dra. Raciele Ivandra Guarda Korelo 559 de 03\/10\/2018 390 de 30\/04\/2019<\/p>\r\n<p>2020-2022 Profa. Dra. Ana Carolina Brandt de Macedo Profa. Dra. Raciele Ivandra Guarda Korelo 1.363 de 14\/09\/2020 1.364 de 14\/09\/2020<\/p>\r\n<p>2022-2024 Profa. Dra. Raciele Ivandra Guarda Korelo Profa. Dra. Sibele Yoko Mattozo Takeda 1.282 de 02\/11\/2022 1.283 de 02\/11\/2022<\/p>\r\n<p>2024-2026 Profa. Dra. Sibele Yoko Mattozo Takeda Profa. Dra. Silvia Let\u00edcia Pav\u00e3o Rago\u00a0<\/p>\r\n<p>O Departamento \u00e9 movido por decis\u00f5es colegiadas, fruto de discuss\u00e3o aberta e coletiva, buscando caminhos para cumprir a miss\u00e3o.<\/p>\r\n<p><img loading=\"lazy\" decoding=\"async\" class=\"alignnone size-full wp-image-1754\" src=\"https:\/\/bio.ufpr.br\/prf\/wp-content\/uploads\/sites\/44\/2024\/02\/SITE.png\" alt=\"\" width=\"1169\" height=\"827\" srcset=\"https:\/\/bio.ufpr.br\/prf\/wp-content\/uploads\/sites\/44\/2024\/02\/SITE.png 1169w, https:\/\/bio.ufpr.br\/prf\/wp-content\/uploads\/sites\/44\/2024\/02\/SITE-300x212.png 300w, https:\/\/bio.ufpr.br\/prf\/wp-content\/uploads\/sites\/44\/2024\/02\/SITE-1024x724.png 1024w, https:\/\/bio.ufpr.br\/prf\/wp-content\/uploads\/sites\/44\/2024\/02\/SITE-768x543.png 768w\" sizes=\"auto, (max-width: 1169px) 100vw, 1169px\" \/><\/p>\r\n<p>Com a finalidade de atender o desafio estrat\u00e9gico, o DPRF como unidade gestora, visa administrar as potencialidade do corpo docente e t\u00e9cnico vinculado a este, favorecendo a integra\u00e7\u00e3o entre os atores, desempenhando papel motivacional e integrador entre os servidores e discentes, por meio de atitude proativa, participativa e articuladora. Assim, todos os atores envolvidos (docentes, t\u00e9cnicos, terceirizados e discentes) integram Comiss\u00f5es para nortear as a\u00e7\u00f5es administrativas.<\/p>\r\n<p>Acesse o documento para conhecer as Comiss\u00f5es.<\/p>\r\n<p>Representantes do DPRF em Comiss\u00f5es e Comit\u00eas da UFPR 2023 (em elabora\u00e7\u00e3o)<\/p>\r\n<p>Representantes do DPRF em Comiss\u00f5es e Comit\u00eas da UFPR 2024 (em elabora\u00e7\u00e3o)<\/p>\r\n<p>3 MISS\u00c3O<\/p>\r\n<p>Formar profissionais de excel\u00eancia, em suas respectivas \u00e1reas de atua\u00e7\u00e3o, por meio de processo de ensino e aprendizagem participativo, significativo e atualizado; com objetivo de qualificar os alunos na constru\u00e7\u00e3o do conhecimento e atua\u00e7\u00e3o na comunidade de forma cr\u00edtica e reflexiva; pautada na indissociabilidade entre ensino, pesquisa e extens\u00e3o; priorizando a humaniza\u00e7\u00e3o, a qualidade de vida e a integralidade no cuidado.<\/p>\r\n<p>Formar pesquisadores, bem como assegurar forma\u00e7\u00e3o continuada e atualiza\u00e7\u00e3o na \u00e1rea da Fisioterapia para pesquisadores e profissionais j\u00e1 formados.<\/p>\r\n<p>4 VIS\u00c3O<\/p>\r\n<p>Ser um departamento consolidado e inovador, de refer\u00eancia nacional, e com a\u00e7\u00e3o acad\u00eamica marcada pelo comprometimento e responsabilidade social, promovendo o desenvolvimento de conhecimento e produtos cient\u00edficos inovadores, com impacto na sociedade.<\/p>\r\n<p>5 VALORES E PRINC\u00cdPIOS<\/p>\r\n<p>Os princ\u00edpios que orientam as a\u00e7\u00f5es do DPRF s\u00e3o:<\/p>\r\n<p>1) Compet\u00eancia e excel\u00eancia nas a\u00e7\u00f5es oferecidas: formar cidad\u00e3os cr\u00edticos, reflexivos e comprometidos, para se tornarem profissionais de refer\u00eancia no campo da Fisioterapia;<\/p>\r\n<p>2) Inser\u00e7\u00e3o e impacto na sociedade: desenvolver a capacidade de colabora\u00e7\u00e3o em equipe, por meio de projetos e pesquisas, estabelecendo parcerias internas e externas, para concretiza\u00e7\u00e3o de a\u00e7\u00f5es, projetos e produ\u00e7\u00e3o acad\u00eamica; na busca de solu\u00e7\u00f5es coletivas para a inser\u00e7\u00e3o na sociedade e supera\u00e7\u00e3o dos desafios sociais e econ\u00f4micos;<\/p>\r\n<p>3) Pesquisa e Desenvolvimento Tecnol\u00f3gico: desenvolver projetos, estudos e pesquisas inovadoras, com o prop\u00f3sito de posicionar a Fisioterapia em destaque nacional e projetar o corpo docente e discente no cen\u00e1rio nacional, da ci\u00eancia e desenvolvimento tecnol\u00f3gico;<\/p>\r\n<p>4) \u00c9tica e transpar\u00eancia: atuar de maneira \u00e9tica e transparente no campo do Ensino, Pesquisa e Extens\u00e3o universit\u00e1ria, como na promo\u00e7\u00e3o de pr\u00e1ticas adequadas de gest\u00e3o e do relacionamento interpessoal do servi\u00e7o p\u00fablico federal para com a sociedade;<\/p>\r\n<p>5) Respeito \u00e0 sa\u00fade e \u00e0 vida: ser unidade inclusiva e defensora dos direitos humanos, com respeito \u00e0 sa\u00fade e \u00e0 vida, de forma acolhedora e participativa.<\/p>\r\n<p><strong>6 PLANEJAMENTO ESTRAT\u00c9GICO &#8211; <a href=\"https:\/\/bio.ufpr.br\/prf\/wp-content\/uploads\/sites\/44\/2024\/02\/2023_2024-Planejamento-Estrategico-DPRF.pdf\">Baixe aqui o planejamento estrat\u00e9gico do DPRF<\/a><\/strong><\/p>\r\n<p>O Plen\u00e1rio do Departamento de Preven\u00e7\u00e3o e Reabilita\u00e7\u00e3o em Fisioterapia DEDFIS (reunido em sess\u00e3o espec\u00edfica para esse fim), aprovou por unanimidade entre os presentes o Planejamento Estrat\u00e9gico da Unidade para os pr\u00f3ximos dois anos.<\/p>\r\n<p>O documento, conta com quatro eixos estruturantes: Ensino, Pesquisa, Extens\u00e3o e Administra\u00e7\u00e3o (Gest\u00e3o, Recursos Humanos e Infraestrutura). Cada um desses eixos, possui uma s\u00e9rie de diretrizes, indicadores e a\u00e7\u00f5es vinculadas.<\/p>\r\n<p>Acesse o documento para conhecer mais detalhes<\/p>\r\n<p>Diretrizes Planejamento Estrat\u00e9gico Gest\u00e3o 2022-2024 (em elabora\u00e7\u00e3o)<\/p>\r\n<p>7 REUNI\u00d5ES DO PLEN\u00c1RIO<\/p>\r\n<p>PREVIS\u00c3O DE CALEN\u00c1RIO DE REUNI\u00d5ES ORDIN\u00c1RIAS \u2013 2024<\/p>\r\n<p>DATA HOR\u00c1RIO\u00a0 &#8211; 2026<\/p>\r\n<p>03\/03, 07\/04, 05\/05, 09\/06, 07\/07 04\/08, 15\/09, 06\/10, 03\/11 e 01\/12 &#8211; Sempre \u00e1s 14:00 &#8211; Online via Teams<\/p>\r\n<p>Observa\u00e7\u00e3o: As reuni\u00f5es s\u00e3o realizadas sempre nas primeiras ter\u00e7as-feiras do m\u00eas. O comparecimento \u00e0s reuni\u00f5es departamentais, tem car\u00e1ter priorit\u00e1rio sobre outras atividades (\u00a7 6\u00ba, do artigo 31, do Regimento do Setor de Ci\u00eancias Biol\u00f3gicas).<\/p>\r\n<p>Atas do Plen\u00e1rio Departamental<\/p>\r\n<p><a href=\"https:\/\/sei.ufpr.br\/sei\/web\/controlador.php?acao=procedimento_trabalhar&amp;acao_origem=acompanhamento_listar&amp;acao_retorno=acompanhamento_listar&amp;id_procedimento=2822391&amp;infra_sistema=100000100&amp;infra_unidade_atual=4223&amp;infra_hash=e3a5afc812baf6f264e75b76ffe8ee3418e92765a36d432187bd6286331d03c6\">&#8211; Atas do Plen\u00e1rio Departamental \u2013\u00a0<\/a><\/p>\r\n<p><em><strong>CHEFE DO DPRF<\/strong><\/em><\/p>\r\n<p>Prof\u00aa\u00a0Dra. Sibele Yoko Mattozo Takeda\u00a0 \u00a0 \u00a0 \u00a0 \u00a0 \u00a0 \u00a0 \u00a0 \u00a0 \u00a0 \u00a0 \u00a0 \u00a0 \u00a0(sibeletakeda@ufpr.br)<\/p>\r\n<p><em><strong>SUPLENTE\u00a0<\/strong><\/em><\/p>\r\n<p>Prof\u00aa\u00a0Dra. Silvia Let\u00edcia Pav\u00e3o Rago\u00a0 \u00a0 \u00a0 \u00a0 \u00a0 \u00a0 \u00a0 \u00a0 \u00a0 \u00a0 \u00a0 \u00a0 \u00a0 \u00a0 \u00a0 \u00a0 \u00a0(silvia.pavao@ufpr.br)<\/p>\r\n<p><em><strong>FISIOTERAPEUTAS<\/strong><\/em><\/p>\r\n<p>Jonathan Stefano Cardoso Guilherme\u00a0 \u00a0 \u00a0 \u00a0 \u00a0 \u00a0 \u00a0 \u00a0 \u00a0 \u00a0 \u00a0 \u00a0 (jonathanfisio7@gmail.com)<\/p>\r\n<p>Viviane Jarek\u00a0 \u00a0 \u00a0 \u00a0 \u00a0 \u00a0 \u00a0 \u00a0 \u00a0 \u00a0 \u00a0 \u00a0 \u00a0 \u00a0 \u00a0 \u00a0 \u00a0 \u00a0 \u00a0 \u00a0 \u00a0 \u00a0 \u00a0 \u00a0 \u00a0 \u00a0 \u00a0 \u00a0 \u00a0 \u00a0 \u00a0 \u00a0 \u00a0 (vivijarek@hotmail.com)<\/p>\r\n<p><em><strong>DOCENTES\u00a0<\/strong><\/em><\/p>\r\n<p>Prof\u00aa Dra. Anna Raquel Silveira Gomes\u00a0 \u00a0 \u00a0 \u00a0 \u00a0 \u00a0 \u00a0 \u00a0 \u00a0 \u00a0 \u00a0 \u00a0 \u00a0(anna.gomes@ufpr.br)<\/p>\r\n<p>Prof\u00aa\u00a0Dra. Ana Carolina Brandt de Macedo\u00a0 \u00a0 \u00a0 \u00a0 \u00a0 \u00a0 \u00a0 \u00a0 \u00a0 \u00a0(ana.macedo@ufpr.br)<\/p>\r\n<p>Prof\u00aa\u00a0Dra. Ana Marcia Delattre Zocolotti\u00a0 \u00a0 \u00a0 \u00a0 \u00a0 \u00a0 \u00a0 \u00a0 \u00a0 \u00a0 \u00a0 \u00a0 (ana.delattre@ufpr.br)<\/p>\r\n<p>Prof\u00aa\u00a0Dra. Ariani Cavazzani Szkudlarek\u00a0 \u00a0 \u00a0 \u00a0 \u00a0 \u00a0 \u00a0 \u00a0 \u00a0 \u00a0 \u00a0 \u00a0 \u00a0 (ariani@ufpr.br)<\/p>\r\n<p>Prof\u00aa\u00a0Dra. Arlete Ana Motter\u00a0 \u00a0 \u00a0 \u00a0 \u00a0 \u00a0 \u00a0 \u00a0 \u00a0 \u00a0 \u00a0 \u00a0 \u00a0 \u00a0 \u00a0 \u00a0 \u00a0 \u00a0 \u00a0 \u00a0 \u00a0 \u00a0 \u00a0 (arlete.motter@ufpr.br)<\/p>\r\n<p>Prof\u00aa\u00a0Dra. Nat\u00e1lia Boneti Moreira\u00a0 \u00a0 \u00a0 \u00a0 \u00a0 \u00a0 \u00a0 \u00a0 \u00a0 \u00a0 \u00a0 \u00a0 \u00a0 \u00a0 \u00a0 \u00a0 \u00a0 \u00a0 \u00a0(nataliamoreira@ufpr.br)<\/p>\r\n<p>Prof\u00aa\u00a0Dra. Raciele Ivandra Guarda Korelo\u00a0 \u00a0 \u00a0 \u00a0 \u00a0 \u00a0 \u00a0 \u00a0 \u00a0 \u00a0 \u00a0 \u00a0(raciele@ufpr.br)<\/p>\r\n<p>Prof\u00aa\u00a0Dra. Sibele Yoko Mattozo Takeda\u00a0 \u00a0 \u00a0 \u00a0 \u00a0 \u00a0 \u00a0 \u00a0 \u00a0 \u00a0 \u00a0 \u00a0 \u00a0 \u00a0(sibeletakeda@ufpr.br)<\/p>\r\n<p>Prof\u00aa\u00a0Dra. Silvia Let\u00edcia Pav\u00e3o Rago\u00a0 \u00a0 \u00a0 \u00a0 \u00a0 \u00a0 \u00a0 \u00a0 \u00a0 \u00a0 \u00a0 \u00a0 \u00a0 \u00a0 \u00a0 \u00a0 \u00a0(silvia.pavao@ufpr.br)<\/p>\r\n<p>Prof\u00aa\u00a0Dra. Silvia Regina Valderramas\u00a0 \u00a0 \u00a0 \u00a0 \u00a0 \u00a0 \u00a0 \u00a0 \u00a0 \u00a0 \u00a0 \u00a0 \u00a0 \u00a0 \u00a0 (silviavalderramas@ufpr.br)<\/p>\r\n<p>Prof\u00aa\u00a0Dra. Talita Gianello Gnoato Zotz\u00a0 \u00a0 \u00a0 \u00a0 \u00a0 \u00a0 \u00a0 \u00a0 \u00a0 \u00a0 \u00a0 \u00a0 \u00a0 \u00a0 (talita.zotz@ufpr.br)<\/p>\r\n<p>Prof\u00aa Dra. Vera L\u00facia Israel\u00a0 \u00a0 \u00a0 \u00a0 \u00a0 \u00a0 \u00a0 \u00a0 \u00a0 \u00a0 \u00a0 \u00a0 \u00a0 \u00a0 \u00a0 \u00a0 \u00a0 \u00a0 \u00a0 \u00a0 \u00a0 \u00a0 \u00a0 \u00a0(vera.israel@ufpr.br)<\/p>\r\n<p>Prof\u00aa Dra.\u00a0Maria Goretti Fernandes\u00a0 \u00a0 \u00a0 \u00a0 \u00a0 \u00a0 \u00a0 \u00a0 \u00a0 \u00a0 \u00a0 \u00a0 \u00a0 \u00a0 \u00a0 \u00a0( gorettifernandes@ufpr.br)<\/p>\r\n<p>Prof\u00aa Dra. Aristela de Freitas Zanona \u00a0 \u00a0 \u00a0 \u00a0 \u00a0 \u00a0 \u00a0 \u00a0 \u00a0 \u00a0 \u00a0 \u00a0 \u00a0 \u00a0 ( arisz_to@yahoo.com.br)<\/p>\r\n<p><em><strong>REGULAMENTOS<\/strong><\/em><\/p>\r\n<p><a href=\"https:\/\/bio.ufpr.br\/prf\/wp-content\/uploads\/sites\/44\/2019\/05\/Regimento_Geral_UFPR.pdf\">Regimento_Geral_UFPR<\/a><\/p>\r\n<p><a href=\"https:\/\/bio.ufpr.br\/prf\/wp-content\/uploads\/sites\/44\/2019\/05\/coplad3319.pdf\">coplad3319<\/a><\/p>\r\n<p><a href=\"https:\/\/bio.ufpr.br\/prf\/wp-content\/uploads\/sites\/44\/2019\/05\/RELATORIO-GESTAO-DPRF-2018-2020-31-08-2020.docx\">RELATORIO GESTAO DPRF 2018-2020 &#8211; 31-08-2020<\/a><\/p>\r\n<p><a href=\"https:\/\/bio.ufpr.br\/prf\/wp-content\/uploads\/sites\/44\/2019\/05\/2.6-Organograma-atribuic\u0327o\u0303es-060623.pdf\">2.6 Organograma atribuic\u0327o\u0303es 060623<\/a><\/p>\r\n<p><em><strong>\u00a0<\/strong><\/em><\/p>\r\n\r\n\r\n","protected":false},"excerpt":{"rendered":"<p>1 HIST\u00d3RIA O Departamento de Preven\u00e7\u00e3o e Reabilita\u00e7\u00e3o em Fisioterapia da UFPR (DPRF) foi criado pelo Conselho Universit\u00e1rio (COUN &#8211; UFPR) pela Resolu\u00e7\u00e3o n\u00ba 25\/13 \u2013 COUN, de 08 de agosto de 2016. O DPRF \u00e9 uma unidade administrativa vinculada ao Setor de Ci\u00eancias Biol\u00f3gicas e tem sua voca\u00e7\u00e3o para Ensino, Pesquisa e Extens\u00e3o. Atualmente [&hellip;]<\/p>\n","protected":false},"author":6,"featured_media":0,"parent":0,"menu_order":0,"comment_status":"closed","ping_status":"closed","template":"","meta":{"_acf_changed":false,"_monsterinsights_skip_tracking":false,"_monsterinsights_sitenote_active":false,"_monsterinsights_sitenote_note":"","_monsterinsights_sitenote_category":0,"footnotes":""},"class_list":["post-139","page","type-page","status-publish","hentry"],"acf":[],"_links":{"self":[{"href":"https:\/\/bio.ufpr.br\/prf\/wp-json\/wp\/v2\/pages\/139","targetHints":{"allow":["GET"]}}],"collection":[{"href":"https:\/\/bio.ufpr.br\/prf\/wp-json\/wp\/v2\/pages"}],"about":[{"href":"https:\/\/bio.ufpr.br\/prf\/wp-json\/wp\/v2\/types\/page"}],"author":[{"embeddable":true,"href":"https:\/\/bio.ufpr.br\/prf\/wp-json\/wp\/v2\/users\/6"}],"replies":[{"embeddable":true,"href":"https:\/\/bio.ufpr.br\/prf\/wp-json\/wp\/v2\/comments?post=139"}],"version-history":[{"count":35,"href":"https:\/\/bio.ufpr.br\/prf\/wp-json\/wp\/v2\/pages\/139\/revisions"}],"predecessor-version":[{"id":1963,"href":"https:\/\/bio.ufpr.br\/prf\/wp-json\/wp\/v2\/pages\/139\/revisions\/1963"}],"wp:attachment":[{"href":"https:\/\/bio.ufpr.br\/prf\/wp-json\/wp\/v2\/media?parent=139"}],"curies":[{"name":"wp","href":"https:\/\/api.w.org\/{rel}","templated":true}]}}