{"id":146,"date":"2017-09-04T17:13:35","date_gmt":"2017-09-04T17:13:35","guid":{"rendered":"https:\/\/bio.ufpr.br\/prf\/?page_id=146"},"modified":"2020-02-27T16:54:15","modified_gmt":"2020-02-27T16:54:15","slug":"disciplinas","status":"publish","type":"page","link":"https:\/\/bio.ufpr.br\/prf\/disciplinas\/","title":{"rendered":"Disciplinas"},"content":{"rendered":"<table width=\"518\">\n<tbody>\n<tr>\n<td height=\"20\">COD_DISCIPLINA<\/td>\n<td>NOME_DISCIPLINA<\/td>\n<\/tr>\n<tr>\n<td height=\"20\">DPRF052<\/td>\n<td width=\"419\">PANORAMAS DA FISIOTERAPIA NO\u00a0\u00a0BRASIL E NO MUNDO (PFBM)<\/td>\n<\/tr>\n<tr>\n<td height=\"20\">DPRF053<\/td>\n<td width=\"419\">DESENVOLVIMENTO BIOPSICOSSOCIAL<\/td>\n<\/tr>\n<tr>\n<td height=\"20\">DPRF054<\/td>\n<td width=\"419\">\u00c9TICA E DEONTOLOGIA EM FISIOTERAPIA<\/td>\n<\/tr>\n<tr>\n<td height=\"20\">DPRF055<\/td>\n<td width=\"419\">SA\u00daDE COLETIVA<\/td>\n<\/tr>\n<tr>\n<td height=\"20\">DPRF056<\/td>\n<td width=\"419\">RECURSOS TERAP\u00caUTICOS COMPLEMENTARES<\/td>\n<\/tr>\n<tr>\n<td height=\"20\">DPRF057<\/td>\n<td width=\"419\">AVALIA\u00c7\u00c3O FISIOTERAP\u00caUTICA I<\/td>\n<\/tr>\n<tr>\n<td height=\"20\">DPRF058<\/td>\n<td width=\"419\">RECURSOS TERMOFOTOTERAP\u00caUTICOS<\/td>\n<\/tr>\n<tr>\n<td height=\"20\">DPRF059<\/td>\n<td width=\"419\">AVALIA\u00c7\u00c3O FISIOTERAP\u00caUTICA II<\/td>\n<\/tr>\n<tr>\n<td height=\"20\">DPRF060<\/td>\n<td width=\"419\">CINESIOFUNCIONAL<\/td>\n<\/tr>\n<tr>\n<td height=\"20\">DPRF061<\/td>\n<td width=\"419\">RECURSOS TERAP\u00caUTICOS MANUAIS<\/td>\n<\/tr>\n<tr>\n<td height=\"20\">DPRF062<\/td>\n<td width=\"419\">RECURSOS ELETROTERAP\u00caUTICOS<\/td>\n<\/tr>\n<tr>\n<td height=\"20\">DPRF063<\/td>\n<td width=\"419\">FISIOTERAPIA AQU\u00c1TICA<\/td>\n<\/tr>\n<tr>\n<td height=\"20\">DPRF064<\/td>\n<td width=\"419\">FISIOLOGIA DO EXERC\u00cdCIO<\/td>\n<\/tr>\n<tr>\n<td height=\"20\">DPRF065<\/td>\n<td width=\"419\">GEST\u00c3O EM FISIOTERAPIA<\/td>\n<\/tr>\n<tr>\n<td height=\"20\">DPRF066<\/td>\n<td width=\"419\">ERGONOMIA E FISIOTERAPIA DO TRABALHO<\/td>\n<\/tr>\n<tr>\n<td height=\"20\">DPRF067<\/td>\n<td width=\"419\">FISIOTERAPIA NEUROFUNCIONAL I (DPNM)<\/td>\n<\/tr>\n<tr>\n<td height=\"20\">DPRF068<\/td>\n<td width=\"419\">FISIOTERAPIA MUSCULOESQUEL\u00c9TICA I<\/td>\n<\/tr>\n<tr>\n<td height=\"20\">DPRF069<\/td>\n<td width=\"419\">FISIOTERAPIA RESPIRAT\u00d3RIA I<\/td>\n<\/tr>\n<tr>\n<td height=\"20\">DPRF070<\/td>\n<td width=\"419\">FISIOTERAPIA CARDIOVASCULAR I<\/td>\n<\/tr>\n<tr>\n<td height=\"20\">DPRF071<\/td>\n<td width=\"419\">FISIOTERAPIA NEUROFUNCIONAL II<\/td>\n<\/tr>\n<tr>\n<td height=\"20\">DPRF072<\/td>\n<td width=\"419\">FISIOTERAPIA DERMATOFUNCIONAL<\/td>\n<\/tr>\n<tr>\n<td height=\"20\">DPRF073<\/td>\n<td width=\"419\">FISIOTERAPIA NA SA\u00daDE DA MULHER E DO HOMEM<\/td>\n<\/tr>\n<tr>\n<td height=\"20\">DPRF074<\/td>\n<td width=\"419\">FISIOTERAPIA NEUROFUNCIONAL III<\/td>\n<\/tr>\n<tr>\n<td height=\"20\">DPRF075<\/td>\n<td width=\"419\">FISIOTERAPIA RESPIRAT\u00d3RIA II<\/td>\n<\/tr>\n<tr>\n<td height=\"20\">DPRF076<\/td>\n<td width=\"419\">FISIOTERAPIA CARDIOVASCULAR II<\/td>\n<\/tr>\n<tr>\n<td height=\"20\">DPRF077<\/td>\n<td width=\"419\">FISOTERAPIA EM REUMATOLOGIA<\/td>\n<\/tr>\n<tr>\n<td height=\"20\">DPRF078<\/td>\n<td width=\"419\">FISIOTERAPIA EM ORTOPEDIA PEDI\u00c1TRICA<\/td>\n<\/tr>\n<tr>\n<td height=\"20\">DPRF079<\/td>\n<td width=\"419\">FISIOTERAPIA ESPORTIVA<\/td>\n<\/tr>\n<tr>\n<td height=\"20\">DPRF080<\/td>\n<td width=\"419\">HABILIDADES FISIOTERAP\u00caUTICAS I<\/td>\n<\/tr>\n<tr>\n<td height=\"20\">DPRF081<\/td>\n<td width=\"419\">FISIOTERAPIA NEUROFUNCIONAL IV<\/td>\n<\/tr>\n<tr>\n<td height=\"20\">DPRF082<\/td>\n<td width=\"419\">FISIOTERAPIA RESPIRAT\u00d3RIA III<\/td>\n<\/tr>\n<tr>\n<td height=\"20\">DPRF083<\/td>\n<td width=\"419\">FISIOTERAPIA CARDIOVASCULAR III<\/td>\n<\/tr>\n<tr>\n<td height=\"20\">DPRF084<\/td>\n<td width=\"419\">FISIOTERAPIA MUSCULOESQUEL\u00c9TICA II<\/td>\n<\/tr>\n<tr>\n<td height=\"20\">DPRF085<\/td>\n<td width=\"419\">HABILIDADES FISIOTERAP\u00caUTICAS II<\/td>\n<\/tr>\n<tr>\n<td height=\"40\">DPRF086<\/td>\n<td width=\"419\">EST\u00c1GIO SUPERVISIONADO OBRIGAT\u00d3RIO EM FISIOTERAPIA NA ATEN\u00c7\u00c3O PRIM\u00c1RIA EM SA\u00daDE I<\/td>\n<\/tr>\n<tr>\n<td height=\"40\">DPRF087<\/td>\n<td width=\"419\">EST\u00c1GIO SUPERVISIONADO OBRIGAT\u00d3RIO EM FISIOTERAPIA NA M\u00c9DIA COMPLEXIDADE I<\/td>\n<\/tr>\n<tr>\n<td height=\"40\">DPRF088<\/td>\n<td width=\"419\">EST\u00c1GIO SUPERVISIONADO OBRIGAT\u00d3RIO EM FISIOTERAPIA NA ALTA COMPLEXIDADE I<\/td>\n<\/tr>\n<tr>\n<td height=\"40\">DPRF089<\/td>\n<td width=\"419\">EST\u00c1GIO SUPERVISIONADO OBRIGAT\u00d3RIO EM FISIOTERAPIA NA ATEN\u00c7\u00c3O PRIM\u00c1RIA EM SA\u00daDE II<\/td>\n<\/tr>\n<tr>\n<td height=\"40\">DPRF090<\/td>\n<td width=\"419\">EST\u00c1GIO SUPERVISIONADO OBRIGAT\u00d3RIO EM FISIOTERAPIA NA M\u00c9DIA COMPLEXIDADE II<\/td>\n<\/tr>\n<tr>\n<td height=\"40\">DPRF091<\/td>\n<td width=\"419\">EST\u00c1GIO SUPERVISIONADO OBRIGAT\u00d3RIO EM FISIOTERAPIA NA ALTA COMPLEXIDADE II<\/td>\n<\/tr>\n<tr>\n<td height=\"20\">DPRF092<\/td>\n<td width=\"419\">PROJETOS DE APRENDIZAGEM I<\/td>\n<\/tr>\n<tr>\n<td height=\"20\">DPRF093<\/td>\n<td width=\"419\">PROJETOS DE APRENDIZAGEM II<\/td>\n<\/tr>\n<tr>\n<td height=\"20\">DPRF094<\/td>\n<td width=\"419\">PROJETOS DE APRENDIZAGEM III<\/td>\n<\/tr>\n<tr>\n<td height=\"20\">DPRF095<\/td>\n<td width=\"419\">PROJETOS DE APRENDIZAGEM IV<\/td>\n<\/tr>\n<tr>\n<td height=\"20\">DPRF096<\/td>\n<td width=\"419\">PROJETOS DE APRENDIZAGEM V<\/td>\n<\/tr>\n<tr>\n<td height=\"20\">DPRF097<\/td>\n<td width=\"419\">TRABALHO DE CONCLUS\u00c3O DE CURSO I<\/td>\n<\/tr>\n<tr>\n<td height=\"20\">DPRF098<\/td>\n<td width=\"419\">TRABALHO DE CONCLUS\u00c3O DE CURSO II<\/td>\n<\/tr>\n<tr>\n<td height=\"20\">DPRF099<\/td>\n<td width=\"419\">FISIOTERAPIA E HIDROTERMALISMO<\/td>\n<\/tr>\n<tr>\n<td height=\"20\">DPRF100<\/td>\n<td width=\"419\">VIV\u00caNCIAS EM FISIOTERAPIA AQU\u00c1TICA<\/td>\n<\/tr>\n<tr>\n<td height=\"20\">DPRF101<\/td>\n<td width=\"419\">INOVA\u00c7\u00d5ES EM RECURSOS FISIOTERAP\u00caUTICOS<\/td>\n<\/tr>\n<tr>\n<td height=\"40\">DPRF102<\/td>\n<td width=\"419\">T\u00d3PICOS ESPECIAIS EM FISIOTERAPIA NEUROFUNCIONAL NO ADULTO E IDOSO<\/td>\n<\/tr>\n<tr>\n<td height=\"20\">DPRF103<\/td>\n<td width=\"419\">FISIOTERAPIA EM TERAPIA INTENSIVA<\/td>\n<\/tr>\n<tr>\n<td height=\"20\">DPRF104<\/td>\n<td width=\"419\">BIOESTAT\u00cdSTICA APLICADA \u00c0 FISIOTERAPIA<\/td>\n<\/tr>\n<tr>\n<td height=\"20\">DPRF105<\/td>\n<td width=\"419\">VIV\u00caNCIAS EM FISIOTERAPIA<\/td>\n<\/tr>\n<tr>\n<td height=\"20\">DPRF106<\/td>\n<td width=\"419\">FISIOTERAPIA EM ONCOLOGIA<\/td>\n<\/tr>\n<\/tbody>\n<\/table>\n<p><\/p>\n","protected":false},"excerpt":{"rendered":"<p>COD_DISCIPLINA NOME_DISCIPLINA DPRF052 PANORAMAS DA FISIOTERAPIA NO\u00a0\u00a0BRASIL E NO MUNDO (PFBM) DPRF053 DESENVOLVIMENTO BIOPSICOSSOCIAL DPRF054 \u00c9TICA E DEONTOLOGIA EM FISIOTERAPIA DPRF055 SA\u00daDE COLETIVA DPRF056 RECURSOS TERAP\u00caUTICOS COMPLEMENTARES DPRF057 AVALIA\u00c7\u00c3O FISIOTERAP\u00caUTICA I DPRF058 RECURSOS TERMOFOTOTERAP\u00caUTICOS DPRF059 AVALIA\u00c7\u00c3O FISIOTERAP\u00caUTICA II DPRF060 CINESIOFUNCIONAL DPRF061 RECURSOS TERAP\u00caUTICOS MANUAIS DPRF062 RECURSOS ELETROTERAP\u00caUTICOS DPRF063 FISIOTERAPIA AQU\u00c1TICA DPRF064 FISIOLOGIA DO EXERC\u00cdCIO DPRF065 [&hellip;]<\/p>\n","protected":false},"author":6,"featured_media":0,"parent":0,"menu_order":0,"comment_status":"closed","ping_status":"closed","template":"","meta":{"_acf_changed":false,"_monsterinsights_skip_tracking":false,"_monsterinsights_sitenote_active":false,"_monsterinsights_sitenote_note":"","_monsterinsights_sitenote_category":0,"footnotes":""},"class_list":["post-146","page","type-page","status-publish","hentry"],"acf":[],"_links":{"self":[{"href":"https:\/\/bio.ufpr.br\/prf\/wp-json\/wp\/v2\/pages\/146","targetHints":{"allow":["GET"]}}],"collection":[{"href":"https:\/\/bio.ufpr.br\/prf\/wp-json\/wp\/v2\/pages"}],"about":[{"href":"https:\/\/bio.ufpr.br\/prf\/wp-json\/wp\/v2\/types\/page"}],"author":[{"embeddable":true,"href":"https:\/\/bio.ufpr.br\/prf\/wp-json\/wp\/v2\/users\/6"}],"replies":[{"embeddable":true,"href":"https:\/\/bio.ufpr.br\/prf\/wp-json\/wp\/v2\/comments?post=146"}],"version-history":[{"count":2,"href":"https:\/\/bio.ufpr.br\/prf\/wp-json\/wp\/v2\/pages\/146\/revisions"}],"predecessor-version":[{"id":954,"href":"https:\/\/bio.ufpr.br\/prf\/wp-json\/wp\/v2\/pages\/146\/revisions\/954"}],"wp:attachment":[{"href":"https:\/\/bio.ufpr.br\/prf\/wp-json\/wp\/v2\/media?parent=146"}],"curies":[{"name":"wp","href":"https:\/\/api.w.org\/{rel}","templated":true}]}}