{"id":11,"date":"2019-05-17T14:00:42","date_gmt":"2019-05-17T14:00:42","guid":{"rendered":"https:\/\/bio.ufpr.br\/zoologia\/?page_id=11"},"modified":"2025-12-03T13:50:27","modified_gmt":"2025-12-03T13:50:27","slug":"docentes","status":"publish","type":"page","link":"https:\/\/bio.ufpr.br\/zoologia\/docentes\/","title":{"rendered":"Docentes"},"content":{"rendered":"<table style=\"height: 1135px\" width=\"1022\">\n<tbody>\n<tr>\n<td width=\"112\"><\/td>\n<td style=\"text-align: center\" width=\"340\"><strong>NOME<\/strong><\/td>\n<td style=\"text-align: left\" width=\"105\"><strong>CATEGORIA<\/strong><\/td>\n<td style=\"text-align: center\" width=\"120\"><strong>CURR\u00cdCULO LATTES<\/strong><\/td>\n<td style=\"text-align: center\" width=\"186\"><strong>E-MAIL<\/strong><\/td>\n<td style=\"text-align: center\" width=\"70\"><strong>RAMAL<\/strong><\/td>\n<\/tr>\n<tr>\n<td width=\"112\"><\/td>\n<td width=\"340\">Alexandre Varaschin Palaoro<\/td>\n<td width=\"105\"><\/td>\n<td width=\"120\"><a href=\"http:\/\/lattes.cnpq.br\/8199384976057695\">Curr\u00edculo<\/a><\/td>\n<td width=\"186\"><a href=\"mailto:alexandre.palaoro@ufpr.br\">alexandre.palaoro@ufpr.br<\/a><\/td>\n<td width=\"70\"><\/td>\n<\/tr>\n<tr>\n<td width=\"112\"><\/td>\n<td width=\"340\">Andr\u00e9 Camargo Guaraldo<\/td>\n<td width=\"105\">Adjunto<\/td>\n<td width=\"120\"><a href=\"http:\/\/lattes.cnpq.br\/8931037993060480\">Curr\u00edculo<\/a><\/td>\n<td width=\"186\">guaraldo@ufpr.br<\/td>\n<td width=\"70\">1537<\/td>\n<\/tr>\n<tr>\n<td width=\"112\"><\/td>\n<td width=\"340\">Andressa Paladini<\/td>\n<td width=\"105\"><\/td>\n<td width=\"120\"><a href=\"http:\/\/lattes.cnpq.br\/2818884247975025\">Curr\u00edculo<\/a><\/td>\n<td width=\"186\"><a href=\"mailto:andressa.paladini@ufpr.br\">andressa.paladini@ufpr.br<\/a><\/td>\n<td width=\"70\"><\/td>\n<\/tr>\n<tr>\n<td width=\"112\"><img loading=\"lazy\" decoding=\"async\" class=\"wp-image-1223 aligncenter\" src=\"https:\/\/bio.ufpr.br\/zoologia\/wp-content\/uploads\/sites\/29\/2017\/12\/APP-300x300.jpg\" alt=\"app\" width=\"94\" height=\"94\" srcset=\"https:\/\/bio.ufpr.br\/zoologia\/wp-content\/uploads\/sites\/29\/2017\/12\/APP-300x300.jpg 300w, https:\/\/bio.ufpr.br\/zoologia\/wp-content\/uploads\/sites\/29\/2017\/12\/APP-150x150.jpg 150w, https:\/\/bio.ufpr.br\/zoologia\/wp-content\/uploads\/sites\/29\/2017\/12\/APP.jpg 394w\" sizes=\"auto, (max-width: 94px) 100vw, 94px\" \/><\/td>\n<td width=\"340\"><a href=\"https:\/\/bio.ufpr.br\/zoologia\/angelo-parise-pinto\">\u00c2ngelo Parise Pinto<\/a><\/td>\n<td width=\"105\">Adjunto<\/td>\n<td width=\"120\"><a href=\"http:\/\/lattes.cnpq.br\/9917099940153215\">Curr\u00edculo<\/a><\/td>\n<td width=\"186\">appinto@ufpr.br<\/td>\n<td width=\"70\">1590<\/td>\n<\/tr>\n<tr>\n<td width=\"112\"><\/td>\n<td width=\"340\">Eduardo Carneiro dos Santos<\/td>\n<td width=\"105\">Adjunto<\/td>\n<td width=\"120\"><a href=\"http:\/\/lattes.cnpq.br\/5202712903412385\">Curr\u00edculo<\/a><\/td>\n<td width=\"186\">eduardo.carneiro@ufpr.br<\/td>\n<td width=\"70\">1671<\/td>\n<\/tr>\n<tr>\n<td width=\"112\"><\/td>\n<td width=\"340\">Fabr\u00edcius Maia Chaves Bicalho Domingos<\/td>\n<td width=\"105\">Adjunto<\/td>\n<td width=\"120\"><a href=\"http:\/\/lattes.cnpq.br\/3355995388953032\">Curr\u00edculo<\/a><\/td>\n<td width=\"186\"><a href=\"mailto:fabricius.domingos@ufpr.br\">fabricius.domingos@ufpr.br<\/a><\/td>\n<td width=\"70\">1555<\/td>\n<\/tr>\n<tr>\n<td width=\"112\"><img loading=\"lazy\" decoding=\"async\" class=\"aligncenter\" src=\"https:\/\/bio.ufpr.br\/zoologia\/wp-content\/uploads\/sites\/29\/2017\/02\/foto-fernando-872x1024.jpg\" width=\"82\" height=\"96\" \/><\/td>\n<td width=\"340\">Fernando de Carmargo Passos<\/td>\n<td width=\"105\">Titular<\/td>\n<td width=\"120\"><a href=\"http:\/\/lattes.cnpq.br\/4320949259602490\">Curr\u00edculo<\/a><\/td>\n<td width=\"186\"><a href=\"mailto:fpassos@ufpr.br\">fpassos@ufpr.br<\/a><\/td>\n<td width=\"70\">1783<\/td>\n<\/tr>\n<tr>\n<td width=\"112\"><\/td>\n<td width=\"340\">Gabriel Augusto Rodrigues de Melo<\/td>\n<td width=\"105\">Titular<\/td>\n<td width=\"120\"><a href=\"http:\/\/lattes.cnpq.br\/2921596575208159\">Curr\u00edculo<\/a><\/td>\n<td width=\"186\">garmelo@ufpr.br<\/td>\n<td width=\"70\">1589<\/td>\n<\/tr>\n<tr>\n<td width=\"112\"><\/td>\n<td width=\"340\">John Edwin Lattke Bravo<\/td>\n<td width=\"105\">Titular<\/td>\n<td width=\"120\"><a href=\"http:\/\/lattes.cnpq.br\/5697595765316978\">Curr\u00edculo<\/a><\/td>\n<td width=\"186\"><a href=\"mailto:lattke@ufpr.br\">lattke@ufpr.br<\/a><\/td>\n<td width=\"70\">1636<\/td>\n<\/tr>\n<tr>\n<td width=\"112\"><\/td>\n<td width=\"340\"><a href=\"http:\/\/www.kclab.ufpr.br\/\">Karla Magalh\u00e3es Campi\u00e3o<\/a><\/td>\n<td width=\"105\">Adjunto<\/td>\n<td width=\"120\"><a href=\"http:\/\/lattes.cnpq.br\/6347353073783258\">Curr\u00edculo<\/a><\/td>\n<td width=\"186\">karla.campiao@ufpr.br<\/td>\n<td width=\"70\">1765<\/td>\n<\/tr>\n<tr>\n<td width=\"112\"><\/td>\n<td width=\"340\">Laura Carolina Leal de Sousa<\/td>\n<td width=\"105\">Adjunto<\/td>\n<td width=\"120\"><a href=\"http:\/\/lattes.cnpq.br\/0645237910354535\">Curr\u00edculo<\/a><\/td>\n<td width=\"186\">laura.leal@ufpr.br<\/td>\n<td width=\"70\"><\/td>\n<\/tr>\n<tr>\n<td width=\"112\"><\/td>\n<td width=\"340\"><a href=\"https:\/\/www.manica.bio.br\/\">Lilian Tonelli Manica<\/a><\/td>\n<td width=\"105\">Adjunto<\/td>\n<td width=\"120\"><a href=\"http:\/\/lattes.cnpq.br\/3744756943563529\">Curr\u00edculo<\/a><\/td>\n<td width=\"186\">lilianmanica@ufpr.br<\/td>\n<td width=\"70\">1635<\/td>\n<\/tr>\n<tr>\n<td width=\"112\"><\/td>\n<td width=\"340\">Lucas de Moraes Aguiar<\/td>\n<td width=\"105\">Associado<\/td>\n<td width=\"120\"><a href=\"http:\/\/lattes.cnpq.br\/5546500498954288\">Curr\u00edculo<\/a><\/td>\n<td width=\"186\">lmaguiar@ufpr.br<\/td>\n<td width=\"70\">1558<\/td>\n<\/tr>\n<tr>\n<td width=\"112\"><\/td>\n<td width=\"340\"><a href=\"https:\/\/www.taxonlab.com\/\">Luciane Marinoni<\/a><\/td>\n<td width=\"105\">Titular<\/td>\n<td width=\"120\"><a href=\"http:\/\/lattes.cnpq.br\/2123849161251302\">Curr\u00edculo<\/a><\/td>\n<td width=\"186\">lmarinoni@ufpr.br<\/td>\n<td width=\"70\">1650<\/td>\n<\/tr>\n<tr>\n<td width=\"112\"><\/td>\n<td width=\"340\"><a href=\"https:\/\/pie-lab.org\/\">M\u00e1rcio Roberto Pie<\/a><\/td>\n<td width=\"105\">Associado<\/td>\n<td width=\"120\"><a href=\"http:\/\/lattes.cnpq.br\/1103162946522572\">Curr\u00edculo<\/a><\/td>\n<td width=\"186\"><a href=\"mailto:pie@ufpr.br\">pie@ufpr.br<\/a><\/td>\n<td width=\"70\"><\/td>\n<\/tr>\n<tr>\n<td width=\"112\"><\/td>\n<td width=\"340\">Marcos Soares Barbeitos<\/td>\n<td width=\"105\">Associado<\/td>\n<td width=\"120\"><a href=\"http:\/\/lattes.cnpq.br\/3403976749459451\">Curr\u00edculo<\/a><\/td>\n<td width=\"186\">barbeitos@ufpr.br<\/td>\n<td width=\"70\">1634<\/td>\n<\/tr>\n<tr>\n<td width=\"112\"><\/td>\n<td width=\"340\">M\u00e1rio Ant\u00f4nio Navarro da Silva<\/td>\n<td width=\"105\">Titular<\/td>\n<td width=\"120\"><a href=\"http:\/\/lattes.cnpq.br\/3908941853662615\">Curr\u00edculo<\/a><\/td>\n<td width=\"186\">mnavarro@ufpr.br<\/td>\n<td width=\"70\">1640<\/td>\n<\/tr>\n<tr>\n<td width=\"112\"><\/td>\n<td width=\"340\"><a href=\"https:\/\/bio.ufpr.br\/zoologia\/mauricio-osvaldo-moura\/\">Maur\u00edcio Osvaldo Moura<\/a><\/td>\n<td width=\"105\">Associado<\/td>\n<td width=\"120\"><a href=\"http:\/\/lattes.cnpq.br\/0091501164531871\">Curr\u00edculo<\/a><\/td>\n<td width=\"186\">mauricio.moura@ufpr.br<\/td>\n<td width=\"70\">1786<\/td>\n<\/tr>\n<tr>\n<td width=\"112\"><\/td>\n<td width=\"340\">Mayara Pereira Neves<\/td>\n<td width=\"105\"><\/td>\n<td width=\"120\"><a href=\"http:\/\/lattes.cnpq.br\/0235167285224874\">Curr\u00edculo<\/a><\/td>\n<td width=\"186\">mayara.neves@ufpr.br<\/td>\n<td width=\"70\"><\/td>\n<\/tr>\n<tr>\n<td width=\"112\"><\/td>\n<td width=\"340\">Mirna Martins Casagrande<\/td>\n<td width=\"105\">Titular<\/td>\n<td width=\"120\"><a href=\"http:\/\/lattes.cnpq.br\/4935623950877789\">Curr\u00edculo<\/a><\/td>\n<td width=\"186\">mibras@ufpr.br<\/td>\n<td width=\"70\">1569<\/td>\n<\/tr>\n<tr>\n<td width=\"112\"><\/td>\n<td width=\"340\">Renato Jos\u00e9 Pires Machado<\/td>\n<td width=\"105\">Adjunto<\/td>\n<td width=\"120\"><a href=\"http:\/\/lattes.cnpq.br\/5621655714929196\">Curr\u00edculo<\/a><\/td>\n<td width=\"186\"><a href=\"mailto:rjpmachado@ufpr.br\">rjpmachado@ufpr.br<\/a><\/td>\n<td width=\"70\">1537<\/td>\n<\/tr>\n<tr>\n<td width=\"112\"><\/td>\n<td width=\"340\"><a href=\"https:\/\/bio.ufpr.br\/zoologia\/rodrigo-barbosa-goncalves\/\">Rodrigo Barbosa Gon\u00e7alves<\/a><\/td>\n<td width=\"105\">Associado<\/td>\n<td width=\"120\"><a href=\"http:\/\/lattes.cnpq.br\/8904263445943094\">Curr\u00edculo<\/a><\/td>\n<td width=\"186\">rbg@ufpr.br<\/td>\n<td width=\"70\">1788<\/td>\n<\/tr>\n<tr>\n<td width=\"112\"><img loading=\"lazy\" decoding=\"async\" class=\"aligncenter\" src=\"https:\/\/bio.ufpr.br\/zoologia\/wp-content\/uploads\/sites\/29\/2017\/02\/Foto-Rodrigo-Feitosa.jpg\" width=\"76\" height=\"76\" \/><\/td>\n<td width=\"340\"><a href=\"https:\/\/bio.ufpr.br\/zoologia\/rodrigo-dos-santos-machado-feitosa-2\/\">Rodrigo dos Santos Machado Feitosa<\/a><\/td>\n<td width=\"105\">Associado<\/td>\n<td width=\"120\"><a href=\"http:\/\/lattes.cnpq.br\/6600267892415480\">Curr\u00edculo<\/a><\/td>\n<td width=\"186\"><a href=\"mailto:rfeitosa@ufpr.br\">rfeitosa@ufpr.br<\/a><\/td>\n<td width=\"70\">1639<\/td>\n<\/tr>\n<tr>\n<td width=\"112\"><img loading=\"lazy\" decoding=\"async\" class=\"aligncenter\" src=\"https:\/\/bio.ufpr.br\/zoologia\/wp-content\/uploads\/sites\/29\/2017\/02\/foto-Ro.jpg\" width=\"76\" height=\"95\" \/><\/td>\n<td width=\"340\"><a href=\"https:\/\/bio.ufpr.br\/zoologia\/?page_id=302&amp;preview=true\">Rosana Moreira da Rocha<\/a><\/td>\n<td width=\"105\">Titular<\/td>\n<td width=\"120\"><a href=\"http:\/\/lattes.cnpq.br\/9809067210967192\">Curr\u00edculo<\/a><\/td>\n<td width=\"186\">rmrocha@ufpr.br<\/td>\n<td width=\"70\">1642<\/td>\n<\/tr>\n<tr>\n<td style=\"text-align: center\" colspan=\"6\" width=\"933\"><strong>DOCENTES APOSENTADOS<\/strong><\/td>\n<\/tr>\n<tr>\n<td width=\"112\"><\/td>\n<td width=\"340\">Cibele Ribeiro Costa<\/td>\n<td width=\"105\"><\/td>\n<td width=\"120\"><a href=\"http:\/\/lattes.cnpq.br\/2823107602991280\">Curr\u00edculo<\/a><\/td>\n<td width=\"186\"><\/td>\n<td width=\"70\"><\/td>\n<\/tr>\n<tr>\n<td width=\"112\"><\/td>\n<td width=\"340\"><a href=\"https:\/\/cjbcarva.wixsite.com\/biodiversity\">Cl\u00e1udio Jos\u00e9 Barros de Carvalho<\/a><\/td>\n<td width=\"105\"><\/td>\n<td width=\"120\"><a href=\"http:\/\/lattes.cnpq.br\/9059654634446193\">Curr\u00edculo<\/a><\/td>\n<td width=\"186\"><\/td>\n<td width=\"70\"><\/td>\n<\/tr>\n<tr>\n<td width=\"112\"><\/td>\n<td width=\"340\">Emygdio Leite Monteiro de Ara\u00fajo Filho<\/td>\n<td width=\"105\"><\/td>\n<td width=\"120\"><a href=\"http:\/\/lattes.cnpq.br\/3477638766859403\">Curr\u00edculo<\/a><\/td>\n<td width=\"186\"><\/td>\n<td width=\"70\"><\/td>\n<\/tr>\n<tr>\n<td><\/td>\n<td>L\u00facia Massutti de Almeida<\/td>\n<td width=\"105\"><\/td>\n<td><a href=\"http:\/\/lattes.cnpq.br\/8522324248097480\">Curr\u00edculo<\/a><\/td>\n<td><\/td>\n<td><\/td>\n<\/tr>\n<tr>\n<td><\/td>\n<td>Maria Ang\u00e9lica Haddad<\/td>\n<td width=\"105\"><\/td>\n<td><a href=\"http:\/\/lattes.cnpq.br\/7424590901651012\">Curr\u00edculo<\/a><\/td>\n<td><\/td>\n<td><\/td>\n<\/tr>\n<tr>\n<td><\/td>\n<td>Olaf Hermann Hendrik Mielke<\/td>\n<td width=\"105\"><\/td>\n<td><a href=\"http:\/\/lattes.cnpq.br\/4876042112857281\">Curr\u00edculo<\/a><\/td>\n<td><\/td>\n<td><\/td>\n<\/tr>\n<tr>\n<td><\/td>\n<td>Rodney Ramiro Cavichioli<\/td>\n<td width=\"105\"><\/td>\n<td><a href=\"http:\/\/lattes.cnpq.br\/8501869433698495\">Curr\u00edculo<\/a><\/td>\n<td><\/td>\n<td><\/td>\n<\/tr>\n<tr>\n<td><\/td>\n<td>Setuko Masunari<\/td>\n<td width=\"105\"><\/td>\n<td><a href=\"http:\/\/lattes.cnpq.br\/2672754946598361\">Curr\u00edculo<\/a><\/td>\n<td><\/td>\n<td><\/td>\n<\/tr>\n<\/tbody>\n<\/table>\n<p><strong>\u00a0 \u00a0 \u00a0 \u00a0 \u00a0 \u00a0 \u00a0 \u00a0 \u00a0 \u00a0 \u00a0 \u00a0 \u00a0 \u00a0 \u00a0 \u00a0 \u00a0 \u00a0 \u00a0 \u00a0 \u00a0 \u00a0 \u00a0 <\/strong><\/p>\n<p style=\"text-align: left\"><strong>\u00a0 \u00a0 \u00a0 \u00a0 \u00a0 \u00a0 \u00a0 \u00a0 \u00a0 \u00a0 \u00a0 \u00a0 \u00a0 \u00a0 \u00a0 PITs &#8211; PLANOS INDIVIDUAIS DE TRABALHO<\/strong><\/p>\n<ul>\n<li>Planos Individuais de Trabalho &#8211;\u00a0<a href=\"https:\/\/bio.ufpr.br\/zoologia\/plano-individual-de-trabalho-pits-2025\/\">PITs DZoo 2025<\/a><\/li>\n<li>Planos Individuais de Trabalho &#8211; <a href=\"https:\/\/bio.ufpr.br\/zoologia\/plano-individual-de-trabalho-pits-dzoo-2024\/\">PITs DZoo 2024<\/a><\/li>\n<li>Planos Individuais de Trabalho &#8211;\u00a0<a href=\"https:\/\/bio.ufpr.br\/zoologia\/plano-individual-de-trabalho-pits-2023-2\/\" target=\"_blank\" rel=\"noopener\">PITs DZoo 2023<\/a><\/li>\n<li>Planos Individuais de Trabalho &#8211;\u00a0<a href=\"https:\/\/bio.ufpr.br\/zoologia\/pits2022\/\" target=\"_blank\" rel=\"noopener\">PITs DZoo 2022<\/a><\/li>\n<li>Planos Individuais de Trabalho &#8211;\u00a0<a href=\"https:\/\/bio.ufpr.br\/zoologia\/plano-individual-de-trabalho-pits-2021\/\" target=\"_blank\" rel=\"noopener\">PITs DZoo 2021<\/a><\/li>\n<li>Planos Individuais de Trabalho &#8211;\u00a0<a href=\"https:\/\/bio.ufpr.br\/zoologia\/pits-dzoo-julho-2020\/\">PITs DZoo 2020<\/a><\/li>\n<li>Planos Individuais de Trabalho &#8211;\u00a0<a href=\"https:\/\/bio.ufpr.br\/zoologia\/wp-content\/uploads\/sites\/29\/2019\/08\/PITs-DZoo-2019-agosto.pdf\">PITs DZoo 2019<\/a><\/li>\n<li>Planos Individuais de Trabalho &#8211;\u00a0<a href=\"https:\/\/bio.ufpr.br\/zoologia\/wp-content\/uploads\/sites\/29\/2018\/03\/PITs-2018-Zoologia.pdf\">PITs DZoo 2018<\/a><\/li>\n<\/ul>\n","protected":false},"excerpt":{"rendered":"<p>NOME CATEGORIA CURR\u00cdCULO LATTES E-MAIL RAMAL Alexandre Varaschin Palaoro Curr\u00edculo alexandre.palaoro@ufpr.br Andr\u00e9 Camargo Guaraldo Adjunto Curr\u00edculo guaraldo@ufpr.br 1537 Andressa Paladini Curr\u00edculo andressa.paladini@ufpr.br \u00c2ngelo Parise Pinto [&hellip;]<\/p>\n","protected":false},"author":6,"featured_media":0,"parent":0,"menu_order":0,"comment_status":"open","ping_status":"open","template":"","meta":{"_acf_changed":false,"_monsterinsights_skip_tracking":false,"_monsterinsights_sitenote_active":false,"_monsterinsights_sitenote_note":"","_monsterinsights_sitenote_category":0,"footnotes":""},"class_list":["post-11","page","type-page","status-publish","hentry"],"acf":[],"_links":{"self":[{"href":"https:\/\/bio.ufpr.br\/zoologia\/wp-json\/wp\/v2\/pages\/11","targetHints":{"allow":["GET"]}}],"collection":[{"href":"https:\/\/bio.ufpr.br\/zoologia\/wp-json\/wp\/v2\/pages"}],"about":[{"href":"https:\/\/bio.ufpr.br\/zoologia\/wp-json\/wp\/v2\/types\/page"}],"author":[{"embeddable":true,"href":"https:\/\/bio.ufpr.br\/zoologia\/wp-json\/wp\/v2\/users\/6"}],"replies":[{"embeddable":true,"href":"https:\/\/bio.ufpr.br\/zoologia\/wp-json\/wp\/v2\/comments?post=11"}],"version-history":[{"count":326,"href":"https:\/\/bio.ufpr.br\/zoologia\/wp-json\/wp\/v2\/pages\/11\/revisions"}],"predecessor-version":[{"id":4702,"href":"https:\/\/bio.ufpr.br\/zoologia\/wp-json\/wp\/v2\/pages\/11\/revisions\/4702"}],"wp:attachment":[{"href":"https:\/\/bio.ufpr.br\/zoologia\/wp-json\/wp\/v2\/media?parent=11"}],"curies":[{"name":"wp","href":"https:\/\/api.w.org\/{rel}","templated":true}]}}