{"id":18,"date":"2019-08-23T07:00:31","date_gmt":"2019-08-23T07:00:31","guid":{"rendered":"https:\/\/bio.ufpr.br\/zoologia\/?page_id=18"},"modified":"2024-08-07T19:23:22","modified_gmt":"2024-08-07T19:23:22","slug":"laboratorios","status":"publish","type":"page","link":"https:\/\/bio.ufpr.br\/zoologia\/laboratorios\/","title":{"rendered":"Laborat\u00f3rios"},"content":{"rendered":"<table style=\"width: 860px;height: 1223px\" border=\"0\" cellspacing=\"0\" cellpadding=\"0\">\n<colgroup>\n<col width=\"400\" \/>\n<col width=\"98\" \/>\n<col width=\"225\" \/>\n<col width=\"71\" \/>\n<col width=\"64\" \/><\/colgroup>\n<tbody>\n<tr>\n<td style=\"text-align: center\" width=\"400\" height=\"17\"><strong>LABORAT\u00d3RIOS DE PESQUISA<\/strong><\/td>\n<td style=\"text-align: center\" width=\"98\">TELEFONE<\/td>\n<td style=\"text-align: center\" width=\"225\">E-MAIL<\/td>\n<td style=\"text-align: center\" width=\"90\">SITE<\/td>\n<\/tr>\n<tr>\n<td width=\"400\" height=\"17\"><a href=\"http:\/\/www.labsia.ufpr.br\/\">Sistem\u00e1tica de Insetos Aqu\u00e1ticos<\/a><\/td>\n<td style=\"text-align: center\" width=\"98\">3361-1590<\/td>\n<td style=\"text-align: center\" width=\"225\">appinto@ufpr.br<\/td>\n<td style=\"text-align: center\" width=\"71\"><a href=\"http:\/\/www.labsia.ufpr.br\/\"><img loading=\"lazy\" decoding=\"async\" class=\"alignnone wp-image-1665\" src=\"https:\/\/bio.ufpr.br\/zoologia\/wp-content\/uploads\/sites\/29\/2019\/01\/Logo-APP-300x116.png\" alt=\"logo-app\" width=\"107\" height=\"41\" srcset=\"https:\/\/bio.ufpr.br\/zoologia\/wp-content\/uploads\/sites\/29\/2019\/01\/Logo-APP-300x116.png 300w, https:\/\/bio.ufpr.br\/zoologia\/wp-content\/uploads\/sites\/29\/2019\/01\/Logo-APP-768x296.png 768w, https:\/\/bio.ufpr.br\/zoologia\/wp-content\/uploads\/sites\/29\/2019\/01\/Logo-APP.png 892w\" sizes=\"auto, (max-width: 107px) 100vw, 107px\" \/><\/a><\/td>\n<\/tr>\n<tr>\n<td width=\"400\" height=\"17\"><a href=\"https:\/\/cjbcarva.wixsite.com\/biodiversity\" target=\"_blank\" rel=\"noopener\">Biodiversidade e Biogeografia de D\u00edpteros<\/a><\/td>\n<td style=\"text-align: center\" width=\"98\">3361-1648<\/td>\n<td style=\"text-align: center\" width=\"225\">cjbcarva@ufpr.br<\/td>\n<td style=\"text-align: center\" width=\"71\"><a href=\"http:\/\/cjbcarva.wixsite.com\/diptera\"><img loading=\"lazy\" decoding=\"async\" class=\"\" src=\"https:\/\/static.wixstatic.com\/media\/02517b_116ed79dc7c14935b612b43c238aafab~mv2_d_2012_1796_s_2.jpg\/v1\/fill\/w_508,h_330,al_c,q_80,usm_0.66_1.00_0.01\/02517b_116ed79dc7c14935b612b43c238aafab~mv2_d_2012_1796_s_2.webp\" alt=\"New logo Lab - 2017\" width=\"126\" height=\"82\" \/><\/a><\/td>\n<\/tr>\n<tr>\n<td width=\"400\" height=\"17\">Taxonomia, Filogenia, Diversidade e Bionomia de Coleoptera<\/td>\n<td style=\"text-align: center\" width=\"98\">3361-1788<\/td>\n<td style=\"text-align: center\" width=\"225\">stra@ufpr.br<\/td>\n<td style=\"text-align: center\" width=\"71\"><\/td>\n<\/tr>\n<tr>\n<td width=\"400\" height=\"17\"><a href=\"https:\/\/sites.google.com\/site\/lablepneo\/home\">Laborat\u00f3rio de estudos de Lepidoptera Neotropical<\/a><\/td>\n<td style=\"text-align: center\" width=\"98\">\n<p>3361-1569<\/p>\n<p>3361-1785<\/p>\n<p>3361-1637<\/td>\n<td style=\"text-align: center\">\n<p>mibras@ufpr.br<\/p>\n<p>carneiroeduardo@ufpr.br<\/p>\n<p>omhesp@ufpr.br<\/td>\n<td style=\"text-align: center\" width=\"71\"><img decoding=\"async\" src=\"https:\/\/bio.ufpr.br\/zoologia\/wp-content\/uploads\/sites\/29\/2022\/10\/Cores.jpg\" \/><\/td>\n<\/tr>\n<tr>\n<td width=\"400\" height=\"17\">Biologia e Ecologia de Vertebrados<\/td>\n<td style=\"text-align: center\" width=\"98\">3361-1638<\/td>\n<td style=\"text-align: center\" width=\"225\">elamf@ufpr.br<\/td>\n<td style=\"text-align: center\" width=\"71\"><\/td>\n<\/tr>\n<tr>\n<td width=\"400\" height=\"17\">Evolu\u00e7\u00e3o e Diversidade Zool\u00f3gica<\/td>\n<td style=\"text-align: center\" width=\"98\">\u00a03361-1555<\/td>\n<td style=\"text-align: center\" width=\"225\">fabriciusmaia@gmail.com<\/td>\n<td style=\"text-align: center\" width=\"71\"><\/td>\n<\/tr>\n<tr>\n<td width=\"400\" height=\"18\">Biodiversidade, Conserva\u00e7\u00e3o e Ecologia de Animais Silvestres<\/td>\n<td style=\"text-align: center\" width=\"98\">3361-1783<\/td>\n<td style=\"text-align: center\" width=\"225\">tatopassos@gmail.com<\/td>\n<td style=\"text-align: center\" width=\"71\"><\/td>\n<td style=\"text-align: center\"><\/td>\n<\/tr>\n<tr>\n<td width=\"400\" height=\"18\">Biologia Comparada de Hymenoptera<\/td>\n<td style=\"text-align: center\" width=\"98\">3361-1589<\/td>\n<td style=\"text-align: center\" width=\"225\">garmelo@ufpr.br<\/td>\n<td style=\"text-align: center\" width=\"71\"><\/td>\n<\/tr>\n<tr>\n<td width=\"400\" height=\"18\">Entomologia<\/td>\n<td style=\"text-align: center\" width=\"98\">3361-1636<\/td>\n<td style=\"text-align: center\" width=\"225\">piquihuye@gmail.com<\/td>\n<td style=\"text-align: center\" width=\"71\"><\/td>\n<\/tr>\n<tr>\n<td width=\"400\" height=\"18\"><a href=\"http:\/\/www.kclab.ufpr.br\">Ecologia de Intera\u00e7\u00f5es<\/a><\/td>\n<td style=\"text-align: center\" width=\"98\">3361-1768<\/td>\n<td style=\"text-align: center\">karla.campiao@ufpr.br<\/td>\n<td style=\"text-align: center\" width=\"71\"><\/td>\n<\/tr>\n<tr>\n<td width=\"400\" height=\"18\"><a href=\"http:\/\/manica.bio.br\/\" target=\"_blank\" rel=\"noopener\">Ecologia Comportamental e Ornitologia<\/a><\/td>\n<td style=\"text-align: center\" width=\"98\">3361-1635<\/td>\n<td style=\"text-align: center\" width=\"225\">lilianmanica@ufpr.br<\/td>\n<td style=\"text-align: center\" width=\"71\"><img decoding=\"async\" src=\"https:\/\/static.wixstatic.com\/media\/c48f04_abd4e2315fad4c18886b1e1c2ad689df~mv2.jpg\/v1\/fill\/w_324,h_162,al_c,q_80,usm_0.66_1.00_0.01\/c48f04_abd4e2315fad4c18886b1e1c2ad689df~mv2.webp\" \/><\/td>\n<td style=\"text-align: center\"><\/td>\n<\/tr>\n<tr>\n<td width=\"400\" height=\"18\"><a href=\"http:\/\/www.coleoptera.ufpr.br\/\">Sistem\u00e1tica e Bioecologia de Coleoptera<\/a><\/td>\n<td style=\"text-align: center\" width=\"98\">3361-1649<\/td>\n<td style=\"text-align: center\" width=\"225\">lalmeida@ufpr.br<\/td>\n<td style=\"text-align: center\" width=\"71\"><a href=\"http:\/\/www.coleoptera.ufpr.br\/\"><img loading=\"lazy\" decoding=\"async\" class=\"\" src=\"http:\/\/www.coleoptera.ufpr.br\/images\/logoanimado.gif\" alt=\"home\" width=\"53\" height=\"52\" \/><\/a><\/td>\n<\/tr>\n<tr>\n<td width=\"400\" height=\"18\"><a href=\"http:\/\/www.taxonlab.com\/\">TaxonLab<\/a><\/td>\n<td style=\"text-align: center\" width=\"98\">3361-1650<\/td>\n<td style=\"text-align: center\" width=\"225\">lmarinoni@ufpr.br<\/td>\n<td style=\"text-align: center\" width=\"71\"><a href=\"http:\/\/www.taxonlab.com\/\"><img decoding=\"async\" src=\"https:\/\/static.wixstatic.com\/media\/5167a5_cef27ff527504c65a35b43651f7c1abf.png\/v1\/fill\/w_304,h_96,al_c,usm_0.66_1.00_0.01\/5167a5_cef27ff527504c65a35b43651f7c1abf.png\" \/><\/a><\/td>\n<\/tr>\n<tr>\n<td width=\"400\" height=\"18\"><a href=\"https:\/\/bio.ufpr.br\/insectbiocontrol\/\">Controle Integrado de Insetos<\/a><\/td>\n<td style=\"text-align: center\" width=\"98\">3361-1766<\/td>\n<td style=\"text-align: center\" width=\"225\">foerster@ufpr.br<\/td>\n<td style=\"text-align: center\" width=\"71\"><a href=\"https:\/\/bio.ufpr.br\/insectbiocontrol\/\">site<\/a><\/td>\n<\/tr>\n<tr>\n<td width=\"400\" height=\"18\"><a href=\"https:\/\/pie-lab.org\/\">Din\u00e2mica Evolutiva e Sistemas Complexos<\/a><\/td>\n<td style=\"text-align: center\" width=\"98\">3361-1558<\/td>\n<td style=\"text-align: center\" width=\"225\">marcio.pie@gmail.com<\/td>\n<td style=\"text-align: center\" width=\"71\">\n<h4 class=\"site-title\"><a href=\"http:\/\/pie-lab.org\">http:\/\/pie-lab.org<\/a><\/h4>\n<\/td>\n<\/tr>\n<tr>\n<td width=\"400\" height=\"18\">Evolu\u00e7\u00e3o de Organismos Marinhos<\/td>\n<td style=\"text-align: center\" width=\"98\">3361-1634<\/td>\n<td style=\"text-align: center\" width=\"225\">barbeitos@ufpr.br<\/td>\n<td style=\"text-align: center\" width=\"71\"><\/td>\n<\/tr>\n<tr>\n<td width=\"400\" height=\"18\">Estudos de Cnidaria e Bioinvas\u00e3o Marinha<\/td>\n<td style=\"text-align: center\" width=\"98\">3361-1643<\/td>\n<td style=\"text-align: center\" width=\"225\">mahaddad@ufpr.br<\/td>\n<td style=\"text-align: center\" width=\"71\"><\/td>\n<\/tr>\n<tr>\n<td width=\"400\" height=\"18\">Entomologia M\u00e9dica e Veterin\u00e1ria<\/td>\n<td style=\"text-align: center\" width=\"98\">3361-1640<\/td>\n<td style=\"text-align: center\" width=\"225\">mnavarro@ufpr.br<\/td>\n<td style=\"text-align: center\" width=\"71\"><\/td>\n<\/tr>\n<tr>\n<td width=\"400\" height=\"18\"><a href=\"http:\/\/ldinamicasecologicas.wixsite.com\/mouralab\" target=\"_blank\" rel=\"noopener\">Din\u00e2micas Ecol\u00f3gicas<\/a><\/td>\n<td style=\"text-align: center\" width=\"98\">3361-1786<\/td>\n<td style=\"text-align: center\" width=\"225\">mauricio.moura@ufpr.br<\/td>\n<td style=\"text-align: center\" width=\"71\"><\/td>\n<\/tr>\n<tr>\n<td width=\"400\" height=\"18\"><a href=\"http:\/\/www.ictiologiaufpr.wordpress.com\">Ictiologia<\/a><\/td>\n<td style=\"text-align: center\" width=\"98\"><\/td>\n<td style=\"text-align: center\" width=\"225\">ptchaves@ufpr.br<\/td>\n<td style=\"text-align: center\" width=\"71\"><a href=\"https:\/\/ictiologiaufpr.wordpress.com\/\" target=\"_blank\" rel=\"noopener\"><img loading=\"lazy\" decoding=\"async\" class=\"\" src=\"https:\/\/bio.ufpr.br\/zoologia\/wp-content\/uploads\/sites\/29\/2017\/04\/Logo-laboratorio-de-Ictiologia.png\" width=\"66\" height=\"68\" \/><\/a><\/td>\n<\/tr>\n<tr>\n<td width=\"400\" height=\"18\">Sistem\u00e1tica de Cicadellidae<\/td>\n<td style=\"text-align: center\" width=\"98\">3361-1767<\/td>\n<td style=\"text-align: center\" width=\"225\">cavich@ufpr.br<\/td>\n<td style=\"text-align: center\" width=\"71\"><\/td>\n<\/tr>\n<tr>\n<td width=\"400\" height=\"18\"><a href=\"https:\/\/docs.ufpr.br\/~rbg\/\" target=\"_blank\" rel=\"noopener\">Laborat\u00f3rio de Abelhas<\/a><\/td>\n<td style=\"text-align: center\" width=\"98\">3361-1788<\/td>\n<td style=\"text-align: center\" width=\"225\">rbg@ufpr.br<\/td>\n<td style=\"text-align: center\" width=\"71\"><a href=\"https:\/\/docs.ufpr.br\/~rbg\/\"><img loading=\"lazy\" decoding=\"async\" class=\"alignnone size-medium wp-image-1605\" src=\"https:\/\/bio.ufpr.br\/zoologia\/wp-content\/uploads\/sites\/29\/2018\/12\/adesivo-labe3-1-300x300.jpg\" alt=\"adesivo-labe3-1\" width=\"300\" height=\"300\" srcset=\"https:\/\/bio.ufpr.br\/zoologia\/wp-content\/uploads\/sites\/29\/2018\/12\/adesivo-labe3-1-300x300.jpg 300w, https:\/\/bio.ufpr.br\/zoologia\/wp-content\/uploads\/sites\/29\/2018\/12\/adesivo-labe3-1-150x150.jpg 150w, https:\/\/bio.ufpr.br\/zoologia\/wp-content\/uploads\/sites\/29\/2018\/12\/adesivo-labe3-1.jpg 591w\" sizes=\"auto, (max-width: 300px) 100vw, 300px\" \/><\/a><\/td>\n<\/tr>\n<tr>\n<td width=\"400\" height=\"18\"><a href=\"http:\/\/feitosalab.wixsite.com\/lsbf\">Sistem\u00e1tica e Biologia de Formigas<\/a><\/td>\n<td style=\"text-align: center\" width=\"98\">3361-1639<\/td>\n<td style=\"text-align: center\" width=\"225\">rsmfeitosa@gmail.com<\/td>\n<td style=\"text-align: center\" width=\"71\"><a href=\"http:\/\/feitosalab.wixsite.com\/lsbf\" target=\"_blank\" rel=\"noopener\"><img loading=\"lazy\" decoding=\"async\" class=\"\" src=\"https:\/\/bio.ufpr.br\/zoologia\/wp-content\/uploads\/sites\/29\/2017\/02\/logo-lab.-Rodrigo-Feitosa.jpg\" width=\"57\" height=\"57\" \/><\/a><\/td>\n<td style=\"text-align: center\"><\/td>\n<\/tr>\n<tr>\n<td width=\"400\" height=\"18\">\n<div>\n<div><a href=\"https:\/\/labcrustaceaufpr.wordpress.com\/contato\/\">Sistem\u00e1tica de Neuroptera<\/a><\/div>\n<\/div>\n<\/td>\n<td style=\"text-align: center\" width=\"98\">3361-1537<\/td>\n<td style=\"text-align: center\" width=\"225\">rjpmachado@ufpr.br<\/td>\n<td style=\"text-align: center\" width=\"71\"><\/td>\n<\/tr>\n<tr>\n<td width=\"400\" height=\"18\"><a href=\"https:\/\/labimar.wordpress.com\/\">Sistema e Ecologia de Invertebrados Marinhos<\/a><\/td>\n<td style=\"text-align: center\" width=\"98\">3361-1642<\/td>\n<td style=\"text-align: center\" width=\"225\">rmrocha@ufpr.br<\/td>\n<td style=\"text-align: center\" width=\"71\"><a href=\"https:\/\/labimar.wordpress.com\/\" target=\"_blank\" rel=\"noopener\"><img loading=\"lazy\" decoding=\"async\" class=\"alignnone size-full wp-image-250\" src=\"https:\/\/bio.ufpr.br\/zoologia\/wp-content\/uploads\/sites\/29\/2016\/05\/logo-labimar.jpg\" alt=\"logo-labimar\" width=\"197\" height=\"90\" \/><\/a><\/td>\n<\/tr>\n<tr>\n<td width=\"400\" height=\"18\">Ecologia de Crustacea<\/td>\n<td style=\"text-align: center\" width=\"98\">3361-1646<\/td>\n<td style=\"text-align: center\" width=\"225\">setmas@ufpr.br<\/td>\n<td style=\"text-align: center\" width=\"71\"><\/td>\n<\/tr>\n<tr>\n<td width=\"400\" height=\"18\"><a href=\"https:\/\/sites.google.com\/site\/evolpar\/\">Ecologia Molecular e Parasitologia Evolutiva<\/a><\/td>\n<td style=\"text-align: center\" width=\"98\">3361-1765<\/td>\n<td style=\"text-align: center\" width=\"225\">wboeger@ufpr.br<\/td>\n<td style=\"text-align: center\" width=\"71\"><a href=\"https:\/\/sites.google.com\/site\/evolpar\/\" target=\"_blank\" rel=\"noopener\">LEMPE<\/a><\/td>\n<\/tr>\n<tr>\n<td width=\"400\" height=\"18\">Laborat\u00f3rio de S\u00edmios<\/td>\n<td style=\"text-align: center\" width=\"98\">3361-1671<\/td>\n<td style=\"text-align: center\" width=\"225\">Lucas M. Aguiar lmaguiar@ufpr.br<\/td>\n<td style=\"text-align: center\" width=\"71\"><a href=\"https:\/\/bio.ufpr.br\/zoologia\/wp-content\/uploads\/sites\/29\/2024\/08\/Laboratorio-de-Simios.jpg\"><img loading=\"lazy\" decoding=\"async\" class=\"alignnone size-medium wp-image-4560\" src=\"https:\/\/bio.ufpr.br\/zoologia\/wp-content\/uploads\/sites\/29\/2024\/08\/Laboratorio-de-Simios-300x92.jpg\" alt=\"\" width=\"300\" height=\"92\" srcset=\"https:\/\/bio.ufpr.br\/zoologia\/wp-content\/uploads\/sites\/29\/2024\/08\/Laboratorio-de-Simios-300x92.jpg 300w, https:\/\/bio.ufpr.br\/zoologia\/wp-content\/uploads\/sites\/29\/2024\/08\/Laboratorio-de-Simios-1024x314.jpg 1024w, https:\/\/bio.ufpr.br\/zoologia\/wp-content\/uploads\/sites\/29\/2024\/08\/Laboratorio-de-Simios-768x236.jpg 768w, https:\/\/bio.ufpr.br\/zoologia\/wp-content\/uploads\/sites\/29\/2024\/08\/Laboratorio-de-Simios.jpg 1275w\" sizes=\"auto, (max-width: 300px) 100vw, 300px\" \/><\/a><\/td>\n<\/tr>\n<\/tbody>\n<\/table>\n<p>Infraestrutura departamental:\u00a0<a href=\"https:\/\/bio.ufpr.br\/zoologia\/wp-content\/uploads\/sites\/29\/2019\/03\/S\u00edntese-DZoo-\u00e0-Dire\u00e7\u00e3o-BL-mar\u00e7o-2019.pdf\">S\u00edntese DZoo \u00e0 Dire\u00e7\u00e3o BL mar\u00e7o 2019<\/a><\/p>\n","protected":false},"excerpt":{"rendered":"<p>LABORAT\u00d3RIOS DE PESQUISA TELEFONE E-MAIL SITE Sistem\u00e1tica de Insetos Aqu\u00e1ticos 3361-1590 appinto@ufpr.br Biodiversidade e Biogeografia de D\u00edpteros 3361-1648 cjbcarva@ufpr.br Taxonomia, Filogenia, Diversidade e Bionomia de [&hellip;]<\/p>\n","protected":false},"author":6,"featured_media":0,"parent":0,"menu_order":0,"comment_status":"open","ping_status":"open","template":"","meta":{"_acf_changed":false,"_monsterinsights_skip_tracking":false,"_monsterinsights_sitenote_active":false,"_monsterinsights_sitenote_note":"","_monsterinsights_sitenote_category":0,"footnotes":""},"class_list":["post-18","page","type-page","status-publish","hentry"],"acf":[],"_links":{"self":[{"href":"https:\/\/bio.ufpr.br\/zoologia\/wp-json\/wp\/v2\/pages\/18","targetHints":{"allow":["GET"]}}],"collection":[{"href":"https:\/\/bio.ufpr.br\/zoologia\/wp-json\/wp\/v2\/pages"}],"about":[{"href":"https:\/\/bio.ufpr.br\/zoologia\/wp-json\/wp\/v2\/types\/page"}],"author":[{"embeddable":true,"href":"https:\/\/bio.ufpr.br\/zoologia\/wp-json\/wp\/v2\/users\/6"}],"replies":[{"embeddable":true,"href":"https:\/\/bio.ufpr.br\/zoologia\/wp-json\/wp\/v2\/comments?post=18"}],"version-history":[{"count":109,"href":"https:\/\/bio.ufpr.br\/zoologia\/wp-json\/wp\/v2\/pages\/18\/revisions"}],"predecessor-version":[{"id":4564,"href":"https:\/\/bio.ufpr.br\/zoologia\/wp-json\/wp\/v2\/pages\/18\/revisions\/4564"}],"wp:attachment":[{"href":"https:\/\/bio.ufpr.br\/zoologia\/wp-json\/wp\/v2\/media?parent=18"}],"curies":[{"name":"wp","href":"https:\/\/api.w.org\/{rel}","templated":true}]}}