{"id":349,"date":"2017-02-08T16:02:51","date_gmt":"2017-02-08T16:02:51","guid":{"rendered":"https:\/\/bio.ufpr.br\/zoologia\/?page_id=349"},"modified":"2023-11-24T11:52:45","modified_gmt":"2023-11-24T11:52:45","slug":"rodrigo-barbosa-goncalves","status":"publish","type":"page","link":"https:\/\/bio.ufpr.br\/zoologia\/rodrigo-barbosa-goncalves\/","title":{"rendered":"RODRIGO BARBOSA  GON\u00c7ALVES"},"content":{"rendered":"<p><strong>\u00c1reas de atua\u00e7\u00e3o<\/strong>:<\/p>\n<p>Pesquisa em ecologia e sistem\u00e1tica de Hymenoptera. Na linha de ecologia estuda principalmente ecologia de comunidades, com \u00eanfase em efeitos de fragmenta\u00e7\u00e3o e urbaniza\u00e7\u00e3o. Na linha de sistem\u00e1tica a investiga\u00e7\u00e3o se d\u00e1 com o grupo de abelhas Halictinae, estudando filogenia, biogeografia e provendo revis\u00f5es taxon\u00f4micas para os seus g\u00eaneros.<\/p>\n<p><a href=\"http:\/\/lattes.cnpq.br\/8904263445943094\" target=\"_blank\">http:\/\/lattes.cnpq.br\/8904263445943094<\/a><\/p>\n<p><strong>Cursos de Gradua\u00e7\u00e3o em que leciona<\/strong>:<\/p>\n<p>Agronomia<\/p>\n<p>Ci\u00eancias Biol\u00f3gicas<\/p>\n<p><strong>Programas de P\u00f3s-gradua\u00e7\u00e3o\u00a0em que orienta<\/strong>:<\/p>\n<p>Entomologia<\/p>\n<p><strong>Listar disciplinas em que leciona<\/strong>:<\/p>\n<p>Entomologia Agr\u00edcola (Agronomia)<br \/>\nPrinc\u00edpios de An\u00e1lise Ecol\u00f3gica (Biologia)<br \/>\nFundamentos de Taxonomia (Entomologia)<br \/>\nSemana da Entomologia (Entomologia)<\/p>\n<p><strong>Laborat\u00f3rio de pesquisa<\/strong>:<\/p>\n<p><a href=\"https:\/\/docs.ufpr.br\/~rbg\" target=\"_blank\">Laborat\u00f3rio de Sistem\u00e1tica\u00a0e Ecologia de Hymenoptera &#8211; SEH<\/a><\/p>\n<p><strong>Contatos<\/strong>:<\/p>\n<p>email:\u00a0rbg@ufpr.br<\/p>\n<p>Endere\u00e7o:<\/p>\n<p>Universidade Federal do Paran\u00e1<\/p>\n<p>Setor de Ci\u00eancias Biol\u00f3gicas &#8211; Departamento de Zoologia (salas\u00a0357- A)<\/p>\n<p>Avenida Coronel Francisco H. dos Santos, 100<\/p>\n<p>Caixa Postal 19020,<\/p>\n<p>CEP: 81531-980 &#8211; Curitiba, PR<\/p>\n<p>Telefone: (41) 3361-1537<\/p>\n","protected":false},"excerpt":{"rendered":"<p>\u00c1reas de atua\u00e7\u00e3o: Pesquisa em ecologia e sistem\u00e1tica de Hymenoptera. Na linha de ecologia estuda principalmente ecologia de comunidades, com \u00eanfase em efeitos de fragmenta\u00e7\u00e3o [&hellip;]<\/p>\n","protected":false},"author":6,"featured_media":0,"parent":0,"menu_order":0,"comment_status":"closed","ping_status":"closed","template":"","meta":{"_acf_changed":false,"_monsterinsights_skip_tracking":false,"_monsterinsights_sitenote_active":false,"_monsterinsights_sitenote_note":"","_monsterinsights_sitenote_category":0,"footnotes":""},"class_list":["post-349","page","type-page","status-publish","hentry"],"acf":[],"_links":{"self":[{"href":"https:\/\/bio.ufpr.br\/zoologia\/wp-json\/wp\/v2\/pages\/349","targetHints":{"allow":["GET"]}}],"collection":[{"href":"https:\/\/bio.ufpr.br\/zoologia\/wp-json\/wp\/v2\/pages"}],"about":[{"href":"https:\/\/bio.ufpr.br\/zoologia\/wp-json\/wp\/v2\/types\/page"}],"author":[{"embeddable":true,"href":"https:\/\/bio.ufpr.br\/zoologia\/wp-json\/wp\/v2\/users\/6"}],"replies":[{"embeddable":true,"href":"https:\/\/bio.ufpr.br\/zoologia\/wp-json\/wp\/v2\/comments?post=349"}],"version-history":[{"count":5,"href":"https:\/\/bio.ufpr.br\/zoologia\/wp-json\/wp\/v2\/pages\/349\/revisions"}],"predecessor-version":[{"id":4299,"href":"https:\/\/bio.ufpr.br\/zoologia\/wp-json\/wp\/v2\/pages\/349\/revisions\/4299"}],"wp:attachment":[{"href":"https:\/\/bio.ufpr.br\/zoologia\/wp-json\/wp\/v2\/media?parent=349"}],"curies":[{"name":"wp","href":"https:\/\/api.w.org\/{rel}","templated":true}]}}