{"id":3835,"date":"2023-08-28T14:45:04","date_gmt":"2023-08-28T14:45:04","guid":{"rendered":"https:\/\/bio.ufpr.br\/zoologia\/?page_id=3835"},"modified":"2023-09-12T18:09:05","modified_gmt":"2023-09-12T18:09:05","slug":"ementas-antigas","status":"publish","type":"page","link":"https:\/\/bio.ufpr.br\/zoologia\/ementas-antigas\/","title":{"rendered":"Ementas Antigas"},"content":{"rendered":"<p style=\"text-align: center\"><strong>Ementas antigas de disciplinas\u00a0do Departamento de Zoologia\u00a0<\/strong><\/p>\n<table style=\"height: 754px\" width=\"950\">\n<tbody>\n<tr>\n<td style=\"text-align: center\" width=\"101\"><strong>C\u00d3DIGO DA DISCIPLINA<\/strong><\/td>\n<td style=\"text-align: center\" width=\"366\"><strong>NOME DA DISCIPLINA<\/strong><\/td>\n<td style=\"text-align: center\" width=\"100\"><strong>EMENTA<\/strong><\/td>\n<td style=\"text-align: center\" width=\"89\"><strong>EMENTA<\/strong><\/td>\n<td style=\"text-align: center\" width=\"91\"><strong>EMENTA<\/strong><\/td>\n<td style=\"text-align: center\" width=\"86\"><strong>EMENTA<\/strong><\/td>\n<\/tr>\n<tr>\n<td width=\"101\">BIO013<\/td>\n<td width=\"366\">Biologia Protistas e Plantas Avasculares<\/td>\n<td><a href=\"https:\/\/bio.ufpr.br\/zoologia\/wp-content\/uploads\/sites\/29\/2023\/08\/BIO013.-A-partir-de-2006.pdf\">Ementa<\/a><\/td>\n<td><\/td>\n<td><\/td>\n<td><\/td>\n<\/tr>\n<tr>\n<td width=\"101\">BIO021<\/td>\n<td width=\"366\">Biologia de Campo II<\/td>\n<td><a href=\"https:\/\/bio.ufpr.br\/zoologia\/wp-content\/uploads\/sites\/29\/2023\/08\/BIO021...pdf\">Ementa<\/a><\/td>\n<td><a href=\"https:\/\/bio.ufpr.br\/zoologia\/wp-content\/uploads\/sites\/29\/2023\/08\/BIO021.-Ficha-2.-2006.pdf\">Ementa<\/a><\/td>\n<td><\/td>\n<td><\/td>\n<\/tr>\n<tr>\n<td width=\"101\">BIO022<\/td>\n<td width=\"366\">Biologia da Conserva\u00e7\u00e3o<\/td>\n<td><a href=\"https:\/\/bio.ufpr.br\/zoologia\/wp-content\/uploads\/sites\/29\/2023\/08\/BIO022.-Ficha-1.pdf\">Ementa<\/a><\/td>\n<td><\/td>\n<td><\/td>\n<td><\/td>\n<\/tr>\n<tr>\n<td width=\"101\">BZ007<\/td>\n<td width=\"366\">Entomologia<\/td>\n<td><a href=\"https:\/\/bio.ufpr.br\/zoologia\/wp-content\/uploads\/sites\/29\/2023\/08\/BZ007.-Ficha-2.pdf\">Ementa<\/a><\/td>\n<td><a href=\"https:\/\/bio.ufpr.br\/zoologia\/wp-content\/uploads\/sites\/29\/2023\/08\/BZ007.-Ficha-1.-A-partir-de-1993.pdf\">Ementa<\/a><\/td>\n<td><a href=\"https:\/\/bio.ufpr.br\/zoologia\/wp-content\/uploads\/sites\/29\/2023\/08\/BZ007.-Ficha-2.-A-partir-de-1993.pdf\">Ementa<\/a><\/td>\n<td><\/td>\n<\/tr>\n<tr>\n<td width=\"101\">BZ008<\/td>\n<td width=\"366\">Zoologia para Geologia<\/td>\n<td><a href=\"https:\/\/bio.ufpr.br\/zoologia\/wp-content\/uploads\/sites\/29\/2023\/08\/BZ008.pdf\">Ementa<\/a><\/td>\n<td><a href=\"https:\/\/bio.ufpr.br\/zoologia\/wp-content\/uploads\/sites\/29\/2023\/08\/BZ008.-1998.pdf\">Ementa<\/a><\/td>\n<td><a href=\"https:\/\/bio.ufpr.br\/zoologia\/wp-content\/uploads\/sites\/29\/2023\/08\/BZ008.-Ano-2000.pdf\">Ementa<\/a><\/td>\n<td><a href=\"https:\/\/bio.ufpr.br\/zoologia\/wp-content\/uploads\/sites\/29\/2023\/08\/BZ008.-Anos-1982-a-2010.pdf\">Ementa<\/a><\/td>\n<\/tr>\n<tr>\n<td width=\"101\">BZ011<\/td>\n<td width=\"366\">Biologia Marinha<\/td>\n<td><a href=\"https:\/\/bio.ufpr.br\/zoologia\/wp-content\/uploads\/sites\/29\/2023\/08\/BZ011.pdf\">Ementa<\/a><\/td>\n<td><\/td>\n<td><\/td>\n<td><\/td>\n<\/tr>\n<tr>\n<td width=\"101\">BZ013<\/td>\n<td width=\"366\">Zoologia para Agronomia<\/td>\n<td><a href=\"https:\/\/bio.ufpr.br\/zoologia\/wp-content\/uploads\/sites\/29\/2023\/08\/BZ013.pdf\">Ementa<\/a><\/td>\n<td><\/td>\n<td><\/td>\n<td><\/td>\n<\/tr>\n<tr>\n<td width=\"101\">BZ014<\/td>\n<td width=\"366\">Entomologia Agr\u00edcola<\/td>\n<td><a href=\"https:\/\/bio.ufpr.br\/zoologia\/wp-content\/uploads\/sites\/29\/2023\/08\/BZ014.-A-partir-de-1994.pdf\">Ementa<\/a><\/td>\n<td><a href=\"https:\/\/bio.ufpr.br\/zoologia\/wp-content\/uploads\/sites\/29\/2023\/08\/BZ014.-2012.pdf\">Ementa<\/a><\/td>\n<td><\/td>\n<td><\/td>\n<\/tr>\n<tr>\n<td width=\"101\">BZ016<\/td>\n<td width=\"366\">Ecologia de Comunidades<\/td>\n<td><a href=\"https:\/\/bio.ufpr.br\/zoologia\/wp-content\/uploads\/sites\/29\/2023\/08\/BZ016-Antiga.pdf\">Ementa<\/a><\/td>\n<td><\/td>\n<td><\/td>\n<td><\/td>\n<\/tr>\n<tr>\n<td width=\"101\">BZ017<\/td>\n<td width=\"366\">ZoologiaI<\/td>\n<td><a href=\"https:\/\/bio.ufpr.br\/zoologia\/wp-content\/uploads\/sites\/29\/2023\/08\/BZ017.pdf\">Ementa<\/a><\/td>\n<td><\/td>\n<td><\/td>\n<td><\/td>\n<\/tr>\n<tr>\n<td width=\"101\">BZ018<\/td>\n<td width=\"366\">ZoologiaII<\/td>\n<td><a href=\"https:\/\/bio.ufpr.br\/zoologia\/wp-content\/uploads\/sites\/29\/2023\/08\/BZ018.pdf\">Ementa<\/a><\/td>\n<td><a href=\"https:\/\/bio.ufpr.br\/zoologia\/wp-content\/uploads\/sites\/29\/2023\/08\/BZ018.-Ficha-2.pdf\">Ementa<\/a><\/td>\n<td><a href=\"https:\/\/bio.ufpr.br\/zoologia\/wp-content\/uploads\/sites\/29\/2023\/08\/BZ018.-A-partir-de-1996.pdf\">Ementa<\/a><\/td>\n<td><\/td>\n<\/tr>\n<tr>\n<td width=\"101\">BZ019<\/td>\n<td width=\"366\">ZoologiaIII<\/td>\n<td><a href=\"https:\/\/bio.ufpr.br\/zoologia\/wp-content\/uploads\/sites\/29\/2023\/08\/BZ019.pdf\">Ementa<\/a><\/td>\n<td><a href=\"https:\/\/bio.ufpr.br\/zoologia\/wp-content\/uploads\/sites\/29\/2023\/08\/BZ019.-Ficha-2.pdf\">Ementa<\/a><\/td>\n<td><a href=\"https:\/\/bio.ufpr.br\/zoologia\/wp-content\/uploads\/sites\/29\/2023\/08\/BZ019-Antiga.pdf\">Ementa<\/a><\/td>\n<td><\/td>\n<\/tr>\n<tr>\n<td width=\"101\">BZ020<\/td>\n<td width=\"366\">ZoologiaIV<\/td>\n<td><a href=\"https:\/\/bio.ufpr.br\/zoologia\/wp-content\/uploads\/sites\/29\/2023\/08\/BZ020.pdf\">Ementa<\/a><\/td>\n<td><a href=\"https:\/\/bio.ufpr.br\/zoologia\/wp-content\/uploads\/sites\/29\/2023\/08\/BZ020.-A-partir-de-1991.pdf\">Ementa<\/a><\/td>\n<td><\/td>\n<td><\/td>\n<\/tr>\n<tr>\n<td width=\"101\">BZ021<\/td>\n<td width=\"366\">Biologia e Sistem\u00e1tica de Insetos<\/td>\n<td><a href=\"https:\/\/bio.ufpr.br\/zoologia\/wp-content\/uploads\/sites\/29\/2023\/08\/BZ021.-A-partir-de-1993.pdf\">Ementa<\/a><\/td>\n<td><\/td>\n<td><\/td>\n<td><\/td>\n<\/tr>\n<tr>\n<td width=\"101\">BZ022<\/td>\n<td width=\"366\">Fauna Entomol\u00f3gica Local<\/td>\n<td><a href=\"https:\/\/bio.ufpr.br\/zoologia\/wp-content\/uploads\/sites\/29\/2023\/08\/BZ022.-A-partir-de-1991.pdf\">Ementa<\/a><\/td>\n<td><a href=\"https:\/\/bio.ufpr.br\/zoologia\/wp-content\/uploads\/sites\/29\/2023\/08\/BZ022.-A-partir-de-1993.pdf\">Ementa<\/a><\/td>\n<td><a href=\"https:\/\/bio.ufpr.br\/zoologia\/wp-content\/uploads\/sites\/29\/2023\/08\/BZ022.-A-partir-de-1995.pdf\">Ementa<\/a><\/td>\n<td><a href=\"https:\/\/bio.ufpr.br\/zoologia\/wp-content\/uploads\/sites\/29\/2023\/08\/BZ022.-A-partir-de-2006.pdf\">Ementa<\/a><\/td>\n<\/tr>\n<tr>\n<td width=\"101\">BZ023<\/td>\n<td width=\"366\">Biogeografia<\/td>\n<td><a href=\"https:\/\/bio.ufpr.br\/zoologia\/wp-content\/uploads\/sites\/29\/2023\/08\/BZ023.-A-partir-de-1991.pdf\">Ementa<\/a><\/td>\n<td><\/td>\n<td><\/td>\n<td><\/td>\n<\/tr>\n<tr>\n<td width=\"101\">BZ024<\/td>\n<td width=\"366\">Ecologia de insetos<\/td>\n<td><a href=\"https:\/\/bio.ufpr.br\/zoologia\/wp-content\/uploads\/sites\/29\/2023\/08\/BZ024.pdf\">Ementa<\/a><\/td>\n<td><\/td>\n<td><\/td>\n<td><\/td>\n<\/tr>\n<tr>\n<td width=\"101\">BZ025<\/td>\n<td width=\"366\">EcologiaII<\/td>\n<td><a href=\"https:\/\/bio.ufpr.br\/zoologia\/wp-content\/uploads\/sites\/29\/2023\/08\/BZ025.pdf\">Ementa<\/a><\/td>\n<td><a href=\"https:\/\/bio.ufpr.br\/zoologia\/wp-content\/uploads\/sites\/29\/2023\/08\/BZ025.-A-partir-de-1993.pdf\">Ementa<\/a><\/td>\n<td><\/td>\n<td><\/td>\n<\/tr>\n<tr>\n<td width=\"101\">BZ026<\/td>\n<td width=\"366\">Sistem\u00e1tica e evolu\u00e7\u00e3o de invertebrados infeiores<\/td>\n<td><a href=\"https:\/\/bio.ufpr.br\/zoologia\/wp-content\/uploads\/sites\/29\/2023\/08\/BZ026.-A-partir-de-1993.pdf\">Ementa<\/a><\/td>\n<td><a href=\"https:\/\/bio.ufpr.br\/zoologia\/wp-content\/uploads\/sites\/29\/2023\/08\/BZ026-Antiga.pdf\">Ementa<\/a><\/td>\n<td><\/td>\n<td><\/td>\n<\/tr>\n<tr>\n<td width=\"101\">BZ027<\/td>\n<td width=\"366\">Est\u00e1gio em Zoologia<\/td>\n<td><a href=\"https:\/\/bio.ufpr.br\/zoologia\/wp-content\/uploads\/sites\/29\/2023\/08\/BZ027-..pdf\">Ementa<\/a><\/td>\n<td><a href=\"https:\/\/bio.ufpr.br\/zoologia\/wp-content\/uploads\/sites\/29\/2023\/08\/BZ027.pdf\">Ementa<\/a><\/td>\n<td><a href=\"https:\/\/bio.ufpr.br\/zoologia\/wp-content\/uploads\/sites\/29\/2023\/08\/BZ027-Antiga.pdf\">Ementa<\/a><\/td>\n<td><\/td>\n<\/tr>\n<tr>\n<td width=\"101\">BZ028<\/td>\n<td width=\"366\">Est\u00e1gio I &#8211; Zoologia<\/td>\n<td><a href=\"https:\/\/bio.ufpr.br\/zoologia\/wp-content\/uploads\/sites\/29\/2023\/08\/BZ028-aNTIGA.pdf\">Ementa<\/a><\/td>\n<td><\/td>\n<td><\/td>\n<td><\/td>\n<\/tr>\n<tr>\n<td width=\"101\">BZ029<\/td>\n<td width=\"366\">Est\u00e1gio II &#8211; Zoologia<\/td>\n<td><a href=\"https:\/\/bio.ufpr.br\/zoologia\/wp-content\/uploads\/sites\/29\/2023\/08\/BZ029-Antiga.pdf\">Ementa<\/a><\/td>\n<td><\/td>\n<td><\/td>\n<td><\/td>\n<\/tr>\n<tr>\n<td width=\"101\">BZ030<\/td>\n<td width=\"366\">Introdu\u00e7\u00e3o a Etologia<\/td>\n<td><a href=\"https:\/\/bio.ufpr.br\/zoologia\/wp-content\/uploads\/sites\/29\/2023\/08\/BZ030-Antiga.pdf\">Ementa<\/a><\/td>\n<td><a href=\"https:\/\/bio.ufpr.br\/zoologia\/wp-content\/uploads\/sites\/29\/2023\/08\/BZ030.-A-partir-de-1993.pdf\">Ementa<\/a><\/td>\n<td><a href=\"https:\/\/bio.ufpr.br\/zoologia\/wp-content\/uploads\/sites\/29\/2023\/08\/BZ030.-A-partir-de-2006.pdf\">Ementa<\/a><\/td>\n<td><a href=\"https:\/\/bio.ufpr.br\/zoologia\/wp-content\/uploads\/sites\/29\/2023\/08\/BZ030.-A-partir-de-2014.pdf\">Ementa<\/a><\/td>\n<\/tr>\n<tr>\n<td width=\"101\">BZ032<\/td>\n<td width=\"366\">Fundamentos de Zoologia<\/td>\n<td><a href=\"https:\/\/bio.ufpr.br\/zoologia\/wp-content\/uploads\/sites\/29\/2023\/09\/BZ032.-Antiga.pdf\">Ementa<\/a><\/td>\n<td><\/td>\n<td><\/td>\n<td><\/td>\n<\/tr>\n<tr>\n<td width=\"101\">BZ033<\/td>\n<td width=\"366\">Manejo e Conserva\u00e7\u00e3o da fauna silvestre<\/td>\n<td><a href=\"https:\/\/bio.ufpr.br\/zoologia\/wp-content\/uploads\/sites\/29\/2023\/09\/BZ033.-2000.pdf\">Ementa<\/a><\/td>\n<td><a href=\"https:\/\/bio.ufpr.br\/zoologia\/wp-content\/uploads\/sites\/29\/2023\/09\/BZ033.-2006.pdf\">Ementa<\/a><\/td>\n<td><a href=\"https:\/\/bio.ufpr.br\/zoologia\/wp-content\/uploads\/sites\/29\/2023\/09\/BZ033.-2017.pdf\">Ementa<\/a><\/td>\n<td><\/td>\n<\/tr>\n<tr>\n<td width=\"101\">BZ039<\/td>\n<td width=\"366\">Biologia e Sist. Cnid\u00e1ria<\/td>\n<td><a href=\"https:\/\/bio.ufpr.br\/zoologia\/wp-content\/uploads\/sites\/29\/2023\/09\/BZ039.pdf\">Ementa<\/a><\/td>\n<td><\/td>\n<td><\/td>\n<td><\/td>\n<\/tr>\n<tr>\n<td width=\"101\">BZ040<\/td>\n<td width=\"366\">Produ\u00e7\u00e3o de Mat. Did\u00e1tico em Zoologia<\/td>\n<td><a href=\"https:\/\/bio.ufpr.br\/zoologia\/wp-content\/uploads\/sites\/29\/2023\/09\/BZ040.pdf\">Ementa<\/a><\/td>\n<td><\/td>\n<td><\/td>\n<td><\/td>\n<\/tr>\n<tr>\n<td width=\"101\">BZ044<\/td>\n<td width=\"366\">Invent\u00e1rio da fauna de vertebrados<\/td>\n<td><a href=\"https:\/\/bio.ufpr.br\/zoologia\/wp-content\/uploads\/sites\/29\/2023\/09\/BZ044-Antiga.pdf\">Ementa<\/a><\/td>\n<td><\/td>\n<td><\/td>\n<td><\/td>\n<\/tr>\n<tr>\n<td width=\"101\">BZ045<\/td>\n<td width=\"366\">Biologia Hist\u00f3rica<\/td>\n<td><a href=\"https:\/\/bio.ufpr.br\/zoologia\/wp-content\/uploads\/sites\/29\/2023\/09\/BZ045.pdf\">Ementa<\/a><\/td>\n<td><\/td>\n<td><\/td>\n<td><\/td>\n<\/tr>\n<tr>\n<td width=\"101\">BZ046<\/td>\n<td width=\"366\">Metazoa I<\/td>\n<td><a href=\"https:\/\/bio.ufpr.br\/zoologia\/wp-content\/uploads\/sites\/29\/2023\/09\/BZ046.pdf\">Ementa<\/a><\/td>\n<td><\/td>\n<td><\/td>\n<td><\/td>\n<\/tr>\n<tr>\n<td width=\"101\">BZ047<\/td>\n<td width=\"366\">Metazoa II<\/td>\n<td><a href=\"https:\/\/bio.ufpr.br\/zoologia\/wp-content\/uploads\/sites\/29\/2023\/09\/BZ047.-Antiga.pdf\">Ementa<\/a><\/td>\n<td><\/td>\n<td><\/td>\n<td><\/td>\n<\/tr>\n<tr>\n<td width=\"101\">BZ048<\/td>\n<td width=\"366\">Metazoa III<\/td>\n<td><a href=\"https:\/\/bio.ufpr.br\/zoologia\/wp-content\/uploads\/sites\/29\/2023\/09\/BZ048.-2006.pdf\">Ementa<\/a><\/td>\n<td><a href=\"https:\/\/bio.ufpr.br\/zoologia\/wp-content\/uploads\/sites\/29\/2023\/09\/BZ048.-Ficha-2.pdf\">Ementa<\/a><\/td>\n<td><a href=\"https:\/\/bio.ufpr.br\/zoologia\/wp-content\/uploads\/sites\/29\/2023\/09\/BZ048.-2018.pdf\">Ementa<\/a><\/td>\n<td><\/td>\n<\/tr>\n<tr>\n<td width=\"101\">BZ049<\/td>\n<td width=\"366\">Metazoa IV<\/td>\n<td><a href=\"https:\/\/bio.ufpr.br\/zoologia\/wp-content\/uploads\/sites\/29\/2023\/09\/BZ049-2006.pdf\">Ementa<\/a><\/td>\n<td><a href=\"https:\/\/bio.ufpr.br\/zoologia\/wp-content\/uploads\/sites\/29\/2023\/09\/BZ049.-2010.pdf\">Ementa<\/a><\/td>\n<td><a href=\"https:\/\/bio.ufpr.br\/zoologia\/wp-content\/uploads\/sites\/29\/2023\/09\/BZ049.-2015.2016.pdf\">Ementa<\/a><\/td>\n<td><a href=\"https:\/\/bio.ufpr.br\/zoologia\/wp-content\/uploads\/sites\/29\/2023\/09\/BZ049.-2018.pdf\">Ementa<\/a><\/td>\n<\/tr>\n<tr>\n<td width=\"101\">BZ050<\/td>\n<td width=\"366\">Biogeografia<\/td>\n<td><a href=\"https:\/\/bio.ufpr.br\/zoologia\/wp-content\/uploads\/sites\/29\/2023\/09\/BZ050.pdf\">Ementa<\/a><\/td>\n<td><a href=\"https:\/\/bio.ufpr.br\/zoologia\/wp-content\/uploads\/sites\/29\/2023\/09\/BZ050.-2012.pdf\">Ementa<\/a><\/td>\n<td><a href=\"https:\/\/bio.ufpr.br\/zoologia\/wp-content\/uploads\/sites\/29\/2023\/09\/BZ050.-2014.2015.2016.pdf\">Ementa<\/a><\/td>\n<td><a href=\"https:\/\/bio.ufpr.br\/zoologia\/wp-content\/uploads\/sites\/29\/2023\/09\/BZ050.-2016.2017.2018.pdf\">Ementa<\/a><\/td>\n<\/tr>\n<tr>\n<td width=\"101\">BZ052<\/td>\n<td width=\"366\">Controle Biol\u00f3gico<\/td>\n<td><a href=\"https:\/\/bio.ufpr.br\/zoologia\/wp-content\/uploads\/sites\/29\/2023\/09\/BZ052.pdf\">Ementa<\/a><\/td>\n<td><a href=\"https:\/\/bio.ufpr.br\/zoologia\/wp-content\/uploads\/sites\/29\/2023\/09\/BZ052.-Conteudo-program\u00e1tico.pdf\">Ementa<\/a><\/td>\n<td><\/td>\n<td><\/td>\n<\/tr>\n<tr>\n<td width=\"101\">BZ054<\/td>\n<td width=\"366\">Exerc\u00edcios em Comunidades Animais Urbanas<\/td>\n<td><a href=\"https:\/\/bio.ufpr.br\/zoologia\/wp-content\/uploads\/sites\/29\/2023\/09\/BZ054.-Ficha-2.pdf\">Ementa<\/a><\/td>\n<td><\/td>\n<td><\/td>\n<td><\/td>\n<\/tr>\n<tr>\n<td width=\"101\">BZ055<\/td>\n<td width=\"366\">Insetos Sociais<\/td>\n<td><a href=\"https:\/\/bio.ufpr.br\/zoologia\/wp-content\/uploads\/sites\/29\/2023\/09\/BZ055.pdf\">Ementa<\/a><\/td>\n<td><\/td>\n<td><\/td>\n<td><\/td>\n<\/tr>\n<tr>\n<td width=\"101\">BZ057<\/td>\n<td width=\"366\">Introdu\u00e7\u00e3o a Biologia Marinha<\/td>\n<td><a href=\"https:\/\/bio.ufpr.br\/zoologia\/wp-content\/uploads\/sites\/29\/2023\/09\/BZ057.pdf\">Ementa<\/a><\/td>\n<td><a href=\"https:\/\/bio.ufpr.br\/zoologia\/wp-content\/uploads\/sites\/29\/2023\/09\/BZ057.-2006.pdf\">Ementa<\/a><\/td>\n<td><a href=\"https:\/\/bio.ufpr.br\/zoologia\/wp-content\/uploads\/sites\/29\/2023\/09\/BZ057.-Ficha-2.2006.pdf\">Ementa<\/a><\/td>\n<td><a href=\"https:\/\/bio.ufpr.br\/zoologia\/wp-content\/uploads\/sites\/29\/2023\/09\/BZ057.-2018.pdf\">Ementa<\/a><\/td>\n<\/tr>\n<tr>\n<td width=\"101\">BZ059<\/td>\n<td width=\"366\">Pesca<\/td>\n<td><a href=\"https:\/\/bio.ufpr.br\/zoologia\/wp-content\/uploads\/sites\/29\/2023\/09\/BZ059.-2020.Ficha-2.pdf\">Ementa<\/a><\/td>\n<td><a href=\"https:\/\/bio.ufpr.br\/zoologia\/wp-content\/uploads\/sites\/29\/2023\/09\/BZ059.2012-2020.pdf\">Ementa<\/a><\/td>\n<td><a href=\"https:\/\/bio.ufpr.br\/zoologia\/wp-content\/uploads\/sites\/29\/2023\/09\/BZ059.2006.pdf\">Ementa<\/a><\/td>\n<td><a href=\"https:\/\/bio.ufpr.br\/zoologia\/wp-content\/uploads\/sites\/29\/2023\/09\/BZ059.-2012.2.pdf\">Ementa<\/a><\/td>\n<\/tr>\n<tr>\n<td width=\"101\">BZ060<\/td>\n<td width=\"366\">Filogen\u00f4mica<\/td>\n<td><a href=\"https:\/\/bio.ufpr.br\/zoologia\/wp-content\/uploads\/sites\/29\/2023\/09\/BZ060.pdf\">Ementa<\/a><\/td>\n<td><\/td>\n<td><\/td>\n<td><\/td>\n<\/tr>\n<tr>\n<td width=\"101\">BZ061<\/td>\n<td width=\"366\">Entomologia Urbana e Forense<\/td>\n<td><a href=\"https:\/\/bio.ufpr.br\/zoologia\/wp-content\/uploads\/sites\/29\/2023\/09\/BZ061.pdf\">Ementa<\/a><\/td>\n<td><\/td>\n<td><\/td>\n<td><\/td>\n<\/tr>\n<tr>\n<td width=\"101\">BZ062<\/td>\n<td width=\"366\">Zoologia Aplicada \u00e0 Eng. Florestal<\/td>\n<td><a href=\"https:\/\/bio.ufpr.br\/zoologia\/wp-content\/uploads\/sites\/29\/2023\/09\/BZ062.2019.pdf\">Ementa<\/a><\/td>\n<td><a href=\"https:\/\/bio.ufpr.br\/zoologia\/wp-content\/uploads\/sites\/29\/2023\/09\/BZ062.2018.pdf\">Ementa<\/a><\/td>\n<td><a href=\"https:\/\/bio.ufpr.br\/zoologia\/wp-content\/uploads\/sites\/29\/2023\/09\/BZ062.2013.pdf\">Ementa<\/a><\/td>\n<td><a href=\"https:\/\/bio.ufpr.br\/zoologia\/wp-content\/uploads\/sites\/29\/2023\/09\/BZ062.pdf\">Ementa<\/a><\/td>\n<\/tr>\n<tr>\n<td width=\"101\">BZ063<\/td>\n<td width=\"366\">Entomologia Aplicada \u00e0 Floresta<\/td>\n<td><a href=\"https:\/\/bio.ufpr.br\/zoologia\/wp-content\/uploads\/sites\/29\/2023\/09\/BZ063.2018.pdf\">Ementa<\/a><\/td>\n<td><a href=\"https:\/\/bio.ufpr.br\/zoologia\/wp-content\/uploads\/sites\/29\/2023\/09\/BZ063.-Antiga.pdf\">Ementa<\/a><\/td>\n<td><a href=\"https:\/\/bio.ufpr.br\/zoologia\/wp-content\/uploads\/sites\/29\/2023\/09\/BZ063-Antiga-1.pdf\">Ementa<\/a><\/td>\n<td><\/td>\n<\/tr>\n<tr>\n<td width=\"101\">BZ065<\/td>\n<td width=\"366\">Fundamentos da Ecologia Evolutiva<\/td>\n<td><a href=\"https:\/\/bio.ufpr.br\/zoologia\/wp-content\/uploads\/sites\/29\/2023\/09\/BZ065.2016.pdf\">Ementa<\/a><\/td>\n<td><a href=\"https:\/\/bio.ufpr.br\/zoologia\/wp-content\/uploads\/sites\/29\/2023\/09\/BZ065.-2010.pdf\">Ementa<\/a><\/td>\n<td><a href=\"https:\/\/bio.ufpr.br\/zoologia\/wp-content\/uploads\/sites\/29\/2017\/02\/BZ065.pdf\">Ementa<\/a><\/td>\n<td><\/td>\n<\/tr>\n<tr>\n<td width=\"101\">BZ066<\/td>\n<td width=\"366\">\u00a0Biologia Matem\u00e1tica<\/td>\n<td><a href=\"https:\/\/bio.ufpr.br\/zoologia\/wp-content\/uploads\/sites\/29\/2023\/09\/BZ066.Ficha-2.pdf\">Ementa<\/a><\/td>\n<td><\/td>\n<td><\/td>\n<td><\/td>\n<\/tr>\n<tr>\n<td width=\"101\">BZ067<\/td>\n<td width=\"366\">Biologia de Mam\u00edferos<\/td>\n<td><a href=\"https:\/\/bio.ufpr.br\/zoologia\/wp-content\/uploads\/sites\/29\/2023\/09\/BZ067.2016.pdf\">Ementa<\/a><\/td>\n<td><a href=\"https:\/\/bio.ufpr.br\/zoologia\/wp-content\/uploads\/sites\/29\/2023\/09\/BZ067.-2010.2.pdf\">Ementa<\/a><\/td>\n<td><a href=\"https:\/\/bio.ufpr.br\/zoologia\/wp-content\/uploads\/sites\/29\/2023\/09\/BZ067.2010.pdf\">Ementa<\/a><\/td>\n<td><\/td>\n<\/tr>\n<tr>\n<td width=\"101\">BZ068<\/td>\n<td width=\"366\">Princ\u00edpios de an\u00e1lise ecol\u00f3gica<\/td>\n<td><a href=\"https:\/\/bio.ufpr.br\/zoologia\/wp-content\/uploads\/sites\/29\/2023\/09\/BZ068.2010.2.Ficha-1.pdf\">Ementa<\/a><\/td>\n<td><a href=\"https:\/\/bio.ufpr.br\/zoologia\/wp-content\/uploads\/sites\/29\/2023\/09\/BZ068.2016.2.pdf\">Ementa<\/a><\/td>\n<td><\/td>\n<td><\/td>\n<\/tr>\n<tr>\n<td width=\"101\">BZ070<\/td>\n<td width=\"366\">Zoologia para Agronomia<\/td>\n<td><a href=\"https:\/\/bio.ufpr.br\/zoologia\/wp-content\/uploads\/sites\/29\/2023\/09\/BZ070-2018.pdf\">Ementa<\/a><\/td>\n<td><a href=\"https:\/\/bio.ufpr.br\/zoologia\/wp-content\/uploads\/sites\/29\/2023\/09\/BZ070-2017.pdf\">Ementa<\/a><\/td>\n<td><a href=\"https:\/\/bio.ufpr.br\/zoologia\/wp-content\/uploads\/sites\/29\/2023\/09\/BZ070-Antiga.pdf\">Ementa<\/a><\/td>\n<td><\/td>\n<\/tr>\n<tr>\n<td width=\"101\">BZ071<\/td>\n<td width=\"366\">Entomologia Agr\u00edcola<\/td>\n<td><a href=\"https:\/\/bio.ufpr.br\/zoologia\/wp-content\/uploads\/sites\/29\/2023\/09\/BZ071.2018.pdf\">Ementa<\/a><\/td>\n<td><a href=\"https:\/\/bio.ufpr.br\/zoologia\/wp-content\/uploads\/sites\/29\/2023\/09\/BZ071-Antigas.pdf\">Ementa<\/a><\/td>\n<td><\/td>\n<td><\/td>\n<\/tr>\n<tr>\n<td width=\"101\">BZ072<\/td>\n<td width=\"366\">Intera\u00e7\u00f5es Inseto-Planta<\/td>\n<td><a href=\"https:\/\/bio.ufpr.br\/zoologia\/wp-content\/uploads\/sites\/29\/2023\/09\/BZ072.pdf\">Ementa<\/a><\/td>\n<td><a href=\"https:\/\/bio.ufpr.br\/zoologia\/wp-content\/uploads\/sites\/29\/2023\/09\/BZ072-Antiga.pdf\">Ementa<\/a><\/td>\n<td><\/td>\n<td><\/td>\n<\/tr>\n<tr>\n<td width=\"101\">BZ073<\/td>\n<td width=\"366\">Simbiose<\/td>\n<td><a href=\"https:\/\/bio.ufpr.br\/zoologia\/wp-content\/uploads\/sites\/29\/2023\/09\/BZ073.2018.pdf\">Ementa<\/a><\/td>\n<td><a href=\"https:\/\/bio.ufpr.br\/zoologia\/wp-content\/uploads\/sites\/29\/2023\/09\/BZ073.2017.pdf\">Ementa<\/a><\/td>\n<td><\/td>\n<td><\/td>\n<\/tr>\n<tr>\n<td width=\"101\">BZ074<\/td>\n<td width=\"366\">Interea\u00e7\u00f5es Inseto-plantas aplicadas<\/td>\n<td><a href=\"https:\/\/bio.ufpr.br\/zoologia\/wp-content\/uploads\/sites\/29\/2019\/12\/FICHA-2-BZ074.pdf\">Ementa<\/a><\/td>\n<td><\/td>\n<td><\/td>\n<td><\/td>\n<\/tr>\n<tr>\n<td width=\"101\">BZ079<\/td>\n<td width=\"366\">Zoologia Urbana e Forense<\/td>\n<td><a href=\"https:\/\/bio.ufpr.br\/zoologia\/wp-content\/uploads\/sites\/29\/2020\/12\/Ficha-1-BZ077.pdf\">Ementa<\/a><\/td>\n<td><a href=\"https:\/\/bio.ufpr.br\/zoologia\/wp-content\/uploads\/sites\/29\/2020\/12\/Ficha-2-BZ077.pdf\">Ementa<\/a><\/td>\n<td><\/td>\n<td><\/td>\n<\/tr>\n<tr>\n<td width=\"101\">BZ315<\/td>\n<td width=\"366\">Carcinologia<\/td>\n<td><a href=\"https:\/\/bio.ufpr.br\/zoologia\/wp-content\/uploads\/sites\/29\/2023\/09\/BZ315.-1994.pdf\">Ementa<\/a><\/td>\n<td><a href=\"https:\/\/bio.ufpr.br\/zoologia\/wp-content\/uploads\/sites\/29\/2023\/09\/BZ305.pdf\">Ementa<\/a><\/td>\n<td><\/td>\n<td><\/td>\n<\/tr>\n<tr>\n<td width=\"101\">BZ401<\/td>\n<td width=\"366\">Zoologia<\/td>\n<td><a href=\"https:\/\/bio.ufpr.br\/zoologia\/wp-content\/uploads\/sites\/29\/2023\/09\/BZ401.-Ficha-1.pdf\">Ementa<\/a><\/td>\n<td><a href=\"https:\/\/bio.ufpr.br\/zoologia\/wp-content\/uploads\/sites\/29\/2023\/09\/BZ401.-1994.pdf\">Ementa<\/a><\/td>\n<td><\/td>\n<td><\/td>\n<\/tr>\n<tr>\n<td width=\"101\">BZ402<\/td>\n<td width=\"366\">Entomologia Florestal<\/td>\n<td><a href=\"https:\/\/bio.ufpr.br\/zoologia\/wp-content\/uploads\/sites\/29\/2023\/09\/BZ402.pdf\">Ementa<\/a><\/td>\n<td><\/td>\n<td><\/td>\n<td><\/td>\n<\/tr>\n<\/tbody>\n<\/table>\n<p>&nbsp;<\/p>\n","protected":false},"excerpt":{"rendered":"<p>Ementas antigas de disciplinas\u00a0do Departamento de Zoologia\u00a0 C\u00d3DIGO DA DISCIPLINA NOME DA DISCIPLINA EMENTA EMENTA EMENTA EMENTA BIO013 Biologia Protistas e Plantas Avasculares Ementa BIO021 [&hellip;]<\/p>\n","protected":false},"author":6,"featured_media":0,"parent":0,"menu_order":0,"comment_status":"closed","ping_status":"closed","template":"","meta":{"_acf_changed":false,"_monsterinsights_skip_tracking":false,"_monsterinsights_sitenote_active":false,"_monsterinsights_sitenote_note":"","_monsterinsights_sitenote_category":0,"footnotes":""},"class_list":["post-3835","page","type-page","status-publish","hentry"],"acf":[],"_links":{"self":[{"href":"https:\/\/bio.ufpr.br\/zoologia\/wp-json\/wp\/v2\/pages\/3835","targetHints":{"allow":["GET"]}}],"collection":[{"href":"https:\/\/bio.ufpr.br\/zoologia\/wp-json\/wp\/v2\/pages"}],"about":[{"href":"https:\/\/bio.ufpr.br\/zoologia\/wp-json\/wp\/v2\/types\/page"}],"author":[{"embeddable":true,"href":"https:\/\/bio.ufpr.br\/zoologia\/wp-json\/wp\/v2\/users\/6"}],"replies":[{"embeddable":true,"href":"https:\/\/bio.ufpr.br\/zoologia\/wp-json\/wp\/v2\/comments?post=3835"}],"version-history":[{"count":90,"href":"https:\/\/bio.ufpr.br\/zoologia\/wp-json\/wp\/v2\/pages\/3835\/revisions"}],"predecessor-version":[{"id":4243,"href":"https:\/\/bio.ufpr.br\/zoologia\/wp-json\/wp\/v2\/pages\/3835\/revisions\/4243"}],"wp:attachment":[{"href":"https:\/\/bio.ufpr.br\/zoologia\/wp-json\/wp\/v2\/media?parent=3835"}],"curies":[{"name":"wp","href":"https:\/\/api.w.org\/{rel}","templated":true}]}}