{"id":792,"date":"2019-04-03T15:37:53","date_gmt":"2019-04-03T15:37:53","guid":{"rendered":"https:\/\/bio.ufpr.br\/zoologia\/?page_id=792"},"modified":"2025-11-26T18:21:50","modified_gmt":"2025-11-26T18:21:50","slug":"tecnicos","status":"publish","type":"page","link":"https:\/\/bio.ufpr.br\/zoologia\/tecnicos\/","title":{"rendered":"Servidores T\u00e9cnico-Administrativos"},"content":{"rendered":"<table class=\" aligncenter\" style=\"border-color: #152e00;background-color: #f0f9ff\" width=\"869\">\n<tbody>\n<tr>\n<td style=\"text-align: center\" width=\"164\"><strong>Nome<\/strong><\/td>\n<td style=\"text-align: center\" width=\"212\"><strong>Cargo\/Fun\u00e7\u00e3o<\/strong><\/td>\n<td style=\"text-align: center\" width=\"249\"><strong>Atribui\u00e7\u00f5es<\/strong><\/td>\n<td style=\"text-align: center\" width=\"244\"><strong>Contato<\/strong><\/td>\n<\/tr>\n<tr>\n<td width=\"164\">Ana Paula Chiaverini<\/td>\n<td style=\"text-align: center\" width=\"212\">T\u00e9cnica de laborat\u00f3rio<\/td>\n<td style=\"text-align: center\" rowspan=\"3\" width=\"249\">Monitoria de Vertebrados<\/td>\n<td style=\"text-align: right\" width=\"244\">E-mail: apchiaverini@ufpr.br<\/td>\n<\/tr>\n<tr>\n<td width=\"164\">Denise Weldt<\/td>\n<td style=\"text-align: center\" width=\"212\">T\u00e9cnica de laborat\u00f3rio<\/td>\n<td style=\"text-align: right\" width=\"244\">E-mail: deweldt@ufpr.br<\/td>\n<\/tr>\n<tr>\n<td width=\"164\">Jefferson Kr\u00fcger<\/td>\n<td style=\"text-align: center\" width=\"212\">T\u00e9cnico de laborat\u00f3rio<\/td>\n<td style=\"text-align: right\" width=\"244\">E-mail: jefferson.kruger@ufpr.br<\/td>\n<\/tr>\n<tr>\n<td width=\"164\">Keli Morais<\/td>\n<td style=\"text-align: center\" width=\"212\">T\u00e9cnica de laborat\u00f3rio<\/td>\n<td rowspan=\"2\" width=\"249\">\n<p style=\"text-align: right\">Gest\u00e3o do acervo e atendimento aos pesquisadores na Cole\u00e7\u00e3o Entomol\u00f3gica Pe. Jesus Santiago Moure<\/p>\n<\/td>\n<td style=\"text-align: right\" width=\"244\">E-mail: kelimorais@ufpr.br<br \/>\nTelefone: (41) 3361-1764<br \/>\n<a href=\"http:\/\/lattes.cnpq.br\/3957846932324872\" target=\"_blank\" rel=\"noopener\">Curr\u00edculo Lattes CNPq<\/a><\/td>\n<\/tr>\n<tr>\n<td width=\"164\">Norma Ganho<\/td>\n<td style=\"text-align: center\" width=\"212\">T\u00e9cnica de laborat\u00f3rio<\/td>\n<td style=\"text-align: right\" width=\"244\">E-mail: normaganho@ufpr.br<br \/>\nTelefone:\u00a0(41) 3361-1764<br \/>\n<a href=\"http:\/\/lattes.cnpq.br\/4859508547790270\" target=\"_blank\" rel=\"noopener\">Curr\u00edculo Lattes CNPq<\/a><\/td>\n<\/tr>\n<tr>\n<td width=\"164\">Paula\u00a0Bassi<\/td>\n<td style=\"text-align: center\" width=\"212\">Bi\u00f3loga<\/td>\n<td style=\"text-align: center\" width=\"249\">Laborat\u00f3rio de Biologia Molecular<\/td>\n<td style=\"text-align: right\" width=\"244\">E-mail: paula.bassi@ufpr.br<\/td>\n<\/tr>\n<tr>\n<td width=\"164\">Paulo Alvarenga<\/td>\n<td style=\"text-align: center\" width=\"212\">T\u00e9cnico de laborat\u00f3rio<\/td>\n<td style=\"text-align: center\" width=\"249\">Cole\u00e7\u00e3o Entomol\u00f3gica<\/td>\n<td style=\"text-align: right\" width=\"244\">E-mail: paulo.alvarenga@ufpr.br<\/td>\n<\/tr>\n<tr>\n<td width=\"164\">Rodrigo Ez\u00eddio<\/td>\n<td style=\"text-align: center\" width=\"212\">Secret\u00e1rio<br \/>\nPPG Entomologia<\/td>\n<td style=\"text-align: center\" width=\"249\">Programa de P\u00f3s-Gradua\u00e7\u00e3o em Entomologia<\/td>\n<td style=\"text-align: right\" width=\"244\">E-mail: dzup@ufpr.br<br \/>\nTelefone: (41) 3361-1763<\/td>\n<\/tr>\n<tr>\n<td width=\"164\">Silvana Borges<\/td>\n<td style=\"text-align: center\" width=\"212\">Secret\u00e1ria<br \/>\nPPG Zoologia<\/td>\n<td style=\"text-align: center\" width=\"249\">Programa de P\u00f3s-Gradua\u00e7\u00e3o em Zoologia<\/td>\n<td style=\"text-align: right\" width=\"244\">E-mail: pgzoo@ufpr.br<br \/>\nTelefone: (41) 3361-1641<\/td>\n<\/tr>\n<tr>\n<td width=\"164\">Unan Bonetti<\/td>\n<td style=\"text-align: center\" width=\"212\">Profissional de secretariado Zoologia<\/td>\n<td style=\"text-align: center\" width=\"249\">Rotinas de secretaria<\/td>\n<td style=\"text-align: right\" width=\"244\">E-mail: deptzoo@ufpr.br<br \/>\nTelefone: (41) 3361-1671<\/td>\n<\/tr>\n<\/tbody>\n<\/table>\n<p style=\"text-align: center\"><a href=\"https:\/\/bio.ufpr.br\/zoologia\/wp-content\/uploads\/sites\/29\/2017\/12\/TAs-06-dez-2017.jpg\"><img loading=\"lazy\" decoding=\"async\" class=\"size-medium wp-image-1187 aligncenter\" src=\"https:\/\/bio.ufpr.br\/zoologia\/wp-content\/uploads\/sites\/29\/2017\/12\/TAs-06-dez-2017-300x199.jpg\" alt=\"tas-06-dez-2017\" width=\"300\" height=\"199\" srcset=\"https:\/\/bio.ufpr.br\/zoologia\/wp-content\/uploads\/sites\/29\/2017\/12\/TAs-06-dez-2017-300x199.jpg 300w, https:\/\/bio.ufpr.br\/zoologia\/wp-content\/uploads\/sites\/29\/2017\/12\/TAs-06-dez-2017-768x509.jpg 768w, https:\/\/bio.ufpr.br\/zoologia\/wp-content\/uploads\/sites\/29\/2017\/12\/TAs-06-dez-2017-1024x678.jpg 1024w\" sizes=\"auto, (max-width: 300px) 100vw, 300px\" \/><\/a><\/p>\n","protected":false},"excerpt":{"rendered":"<p>Nome Cargo\/Fun\u00e7\u00e3o Atribui\u00e7\u00f5es Contato Ana Paula Chiaverini T\u00e9cnica de laborat\u00f3rio Monitoria de Vertebrados E-mail: apchiaverini@ufpr.br Denise Weldt T\u00e9cnica de laborat\u00f3rio E-mail: deweldt@ufpr.br Jefferson Kr\u00fcger T\u00e9cnico [&hellip;]<\/p>\n","protected":false},"author":6,"featured_media":0,"parent":0,"menu_order":0,"comment_status":"closed","ping_status":"closed","template":"","meta":{"_acf_changed":false,"_monsterinsights_skip_tracking":false,"_monsterinsights_sitenote_active":false,"_monsterinsights_sitenote_note":"","_monsterinsights_sitenote_category":0,"footnotes":""},"class_list":["post-792","page","type-page","status-publish","hentry"],"acf":[],"_links":{"self":[{"href":"https:\/\/bio.ufpr.br\/zoologia\/wp-json\/wp\/v2\/pages\/792","targetHints":{"allow":["GET"]}}],"collection":[{"href":"https:\/\/bio.ufpr.br\/zoologia\/wp-json\/wp\/v2\/pages"}],"about":[{"href":"https:\/\/bio.ufpr.br\/zoologia\/wp-json\/wp\/v2\/types\/page"}],"author":[{"embeddable":true,"href":"https:\/\/bio.ufpr.br\/zoologia\/wp-json\/wp\/v2\/users\/6"}],"replies":[{"embeddable":true,"href":"https:\/\/bio.ufpr.br\/zoologia\/wp-json\/wp\/v2\/comments?post=792"}],"version-history":[{"count":62,"href":"https:\/\/bio.ufpr.br\/zoologia\/wp-json\/wp\/v2\/pages\/792\/revisions"}],"predecessor-version":[{"id":4436,"href":"https:\/\/bio.ufpr.br\/zoologia\/wp-json\/wp\/v2\/pages\/792\/revisions\/4436"}],"wp:attachment":[{"href":"https:\/\/bio.ufpr.br\/zoologia\/wp-json\/wp\/v2\/media?parent=792"}],"curies":[{"name":"wp","href":"https:\/\/api.w.org\/{rel}","templated":true}]}}